CRAN Package Check Results for Package longurl

Last updated on 2024-05-24 07:59:51 CEST.

Flavor Version Tinstall Tcheck Ttotal Status Flags
r-devel-linux-x86_64-debian-clang 0.3.3 2.22 23.19 25.41 NOTE
r-devel-linux-x86_64-debian-gcc 0.3.3 1.72 18.33 20.05 NOTE
r-devel-linux-x86_64-fedora-clang 0.3.3 32.04 NOTE
r-devel-linux-x86_64-fedora-gcc 0.3.3 30.85 NOTE
r-devel-windows-x86_64 0.3.3 4.00 46.00 50.00 NOTE
r-patched-linux-x86_64 0.3.3 2.23 22.73 24.96 NOTE
r-release-linux-x86_64 0.3.3 1.51 22.67 24.18 NOTE
r-release-macos-arm64 0.3.3 48.00 NOTE
r-release-windows-x86_64 0.3.3 3.00 45.00 48.00 NOTE
r-oldrel-macos-arm64 0.3.3 40.00 NOTE
r-oldrel-macos-x86_64 0.3.3 34.00 NOTE
r-oldrel-windows-x86_64 0.3.3 3.00 44.00 47.00 NOTE

Check Details

Version: 0.3.3
Check: LazyData
Result: NOTE 'LazyData' is specified without a 'data' directory Flavors: r-devel-linux-x86_64-debian-clang, r-devel-linux-x86_64-debian-gcc, r-devel-linux-x86_64-fedora-clang, r-devel-linux-x86_64-fedora-gcc, r-devel-windows-x86_64, r-patched-linux-x86_64, r-release-linux-x86_64, r-release-macos-arm64, r-release-windows-x86_64, r-oldrel-macos-arm64, r-oldrel-macos-x86_64, r-oldrel-windows-x86_64