CRAN Package Check Results for Package logistf

Last updated on 2023-01-30 09:54:16 CET.

Flavor Version Tinstall Tcheck Ttotal Status Flags
r-devel-linux-x86_64-debian-clang 1.24.1 19.36 130.03 149.39 WARN
r-devel-linux-x86_64-debian-gcc 1.24.1 13.66 95.97 109.63 WARN
r-devel-linux-x86_64-fedora-clang 1.24.1 184.86 WARN
r-devel-linux-x86_64-fedora-gcc 1.24.1 178.23 WARN
r-devel-windows-x86_64 1.24.1 47.00 155.00 202.00 OK
r-patched-linux-x86_64 1.24.1 17.48 124.11 141.59 OK
r-release-linux-x86_64 1.24.1 13.13 124.03 137.16 OK
r-release-macos-arm64 1.24.1 43.00 OK
r-release-macos-x86_64 1.24.1 89.00 OK
r-release-windows-x86_64 1.24.1 40.00 161.00 201.00 OK
r-oldrel-macos-arm64 1.24.1 48.00 OK
r-oldrel-macos-x86_64 1.24.1 64.00 OK
r-oldrel-windows-ix86+x86_64 1.24.1 39.00 201.00 240.00 OK

Check Details

Version: 1.24.1
Check: whether package can be installed
Result: WARN
    Found the following significant warnings:
     ./veclib.h:316:15: warning: a function declaration without a prototype is deprecated in all versions of C [-Wstrict-prototypes]
    See ‘/home/hornik/tmp/R.check/r-devel-clang/Work/PKGS/logistf.Rcheck/00install.out’ for details.
    * used C compiler: ‘Debian clang version 15.0.6’
Flavor: r-devel-linux-x86_64-debian-clang

Version: 1.24.1
Check: whether package can be installed
Result: WARN
    Found the following significant warnings:
     veclib.h:316:6: warning: function declaration isn’t a prototype [-Wstrict-prototypes]
    See ‘/home/hornik/tmp/R.check/r-devel-gcc/Work/PKGS/logistf.Rcheck/00install.out’ for details.
    * used C compiler: ‘gcc-12 (Debian 12.2.0-14) 12.2.0’
Flavor: r-devel-linux-x86_64-debian-gcc

Version: 1.24.1
Check: whether package can be installed
Result: WARN
    Found the following significant warnings:
     ./veclib.h:316:15: warning: a function declaration without a prototype is deprecated in all versions of C [-Wstrict-prototypes]
    See ‘/data/gannet/ripley/R/packages/tests-clang/logistf.Rcheck/00install.out’ for details.
    * used C compiler: ‘clang version 15.0.7’
Flavor: r-devel-linux-x86_64-fedora-clang

Version: 1.24.1
Check: whether package can be installed
Result: WARN
    Found the following significant warnings:
     veclib.h:316:6: warning: function declaration isn’t a prototype [-Wstrict-prototypes]
    See ‘/data/gannet/ripley/R/packages/tests-devel/logistf.Rcheck/00install.out’ for details.
    * used C compiler: ‘gcc (GCC) 12.2.1 20221121 (Red Hat 12.2.1-4)’
Flavor: r-devel-linux-x86_64-fedora-gcc