Last updated on 2023-01-30 09:54:16 CET.
Flavor | Version | Tinstall | Tcheck | Ttotal | Status | Flags |
---|---|---|---|---|---|---|
r-devel-linux-x86_64-debian-clang | 0.3.2 | 17.23 | 63.68 | 80.91 | NOTE | |
r-devel-linux-x86_64-debian-gcc | 0.3.2 | 14.67 | 49.05 | 63.72 | NOTE | |
r-devel-linux-x86_64-fedora-clang | 0.3.2 | 111.18 | NOTE | |||
r-devel-linux-x86_64-fedora-gcc | 0.3.2 | 122.19 | NOTE | |||
r-devel-windows-x86_64 | 0.3.2 | 35.00 | 115.00 | 150.00 | NOTE | |
r-patched-linux-x86_64 | 0.3.2 | 16.86 | 62.44 | 79.30 | NOTE | |
r-release-linux-x86_64 | 0.3.2 | 15.86 | 64.04 | 79.90 | NOTE | |
r-release-macos-arm64 | 0.3.2 | 30.00 | NOTE | |||
r-release-macos-x86_64 | 0.3.2 | 46.00 | NOTE | |||
r-release-windows-x86_64 | 0.3.2 | 25.00 | 123.00 | 148.00 | NOTE | |
r-oldrel-macos-arm64 | 0.3.2 | 33.00 | NOTE | |||
r-oldrel-macos-x86_64 | 0.3.2 | 64.00 | NOTE | |||
r-oldrel-windows-ix86+x86_64 | 0.3.2 | 49.00 | 165.00 | 214.00 | NOTE |
Version: 0.3.2
Check: LazyData
Result: NOTE
'LazyData' is specified without a 'data' directory
Flavors: r-devel-linux-x86_64-debian-clang, r-devel-linux-x86_64-debian-gcc, r-devel-linux-x86_64-fedora-clang, r-devel-linux-x86_64-fedora-gcc, r-devel-windows-x86_64, r-patched-linux-x86_64, r-release-linux-x86_64, r-release-macos-arm64, r-release-macos-x86_64, r-release-windows-x86_64, r-oldrel-macos-arm64, r-oldrel-macos-x86_64, r-oldrel-windows-ix86+x86_64
Version: 0.3.2
Check: C++ specification
Result: NOTE
Specified C++11: please update to current default of C++17
Flavors: r-devel-linux-x86_64-debian-gcc, r-devel-linux-x86_64-fedora-clang, r-devel-linux-x86_64-fedora-gcc, r-devel-windows-x86_64