CRAN Package Check Results for Package logKDE

Last updated on 2024-03-02 06:51:59 CET.

Flavor Version Tinstall Tcheck Ttotal Status Flags
r-devel-linux-x86_64-debian-clang 0.3.2 19.03 64.44 83.47 NOTE
r-devel-linux-x86_64-debian-gcc 0.3.2 13.90 49.62 63.52 NOTE
r-devel-linux-x86_64-fedora-clang 0.3.2 113.17 NOTE
r-devel-linux-x86_64-fedora-gcc 0.3.2 120.16 NOTE
r-devel-windows-x86_64 0.3.2 17.00 95.00 112.00 NOTE
r-patched-linux-x86_64 0.3.2 18.40 64.00 82.40 NOTE
r-release-linux-x86_64 0.3.2 18.04 64.07 82.11 NOTE
r-release-macos-arm64 0.3.2 41.00 NOTE
r-release-macos-x86_64 0.3.2 65.00 NOTE
r-release-windows-x86_64 0.3.2 16.00 108.00 124.00 NOTE
r-oldrel-macos-arm64 0.3.2 33.00 NOTE
r-oldrel-windows-x86_64 0.3.2 22.00 102.00 124.00 NOTE

Check Details

Version: 0.3.2
Check: C++ specification
Result: NOTE Specified C++11: please drop specification unless essential Flavors: r-devel-linux-x86_64-debian-clang, r-devel-linux-x86_64-debian-gcc, r-devel-linux-x86_64-fedora-clang, r-devel-linux-x86_64-fedora-gcc, r-devel-windows-x86_64, r-patched-linux-x86_64, r-release-linux-x86_64, r-release-macos-arm64, r-release-macos-x86_64, r-release-windows-x86_64

Version: 0.3.2
Check: Rd files
Result: NOTE checkRd: (-1) logdensity.Rd:33: Lost braces; missing escapes or markup? 33 | The function \code{logdensity} computes kernel density estimates (KDE) of strictly positive distributions by performing the KDE in the log domain and then transforming the result back again. The syntax and function structure is largely borrowed from the function \code{density} in package {stats}. | ^ checkRd: (-1) logdensity_fft.Rd:33: Lost braces; missing escapes or markup? 33 | The function \code{logdensity_fft} computes kernel density estimates (KDE) of strictly positive distributions by performing the KDE via fast fourier transform utilizing the \code{fft} function. The syntax and function structure is largely borrowed from the function \code{density} in package {stats}. | ^ Flavors: r-devel-linux-x86_64-debian-clang, r-devel-linux-x86_64-debian-gcc, r-devel-linux-x86_64-fedora-clang, r-devel-linux-x86_64-fedora-gcc

Version: 0.3.2
Check: LazyData
Result: NOTE 'LazyData' is specified without a 'data' directory Flavors: r-devel-linux-x86_64-debian-clang, r-devel-linux-x86_64-debian-gcc, r-devel-linux-x86_64-fedora-clang, r-devel-linux-x86_64-fedora-gcc, r-devel-windows-x86_64, r-patched-linux-x86_64, r-release-linux-x86_64, r-release-macos-arm64, r-release-macos-x86_64, r-release-windows-x86_64, r-oldrel-macos-arm64, r-oldrel-windows-x86_64