CRAN Package Check Results for Package logKDE

Last updated on 2022-10-01 07:55:05 CEST.

Flavor Version Tinstall Tcheck Ttotal Status Flags
r-devel-linux-x86_64-debian-clang 0.3.2 18.31 64.73 83.04 NOTE
r-devel-linux-x86_64-debian-gcc 0.3.2 14.08 50.29 64.37 NOTE
r-devel-linux-x86_64-fedora-clang 0.3.2 122.23 NOTE
r-devel-linux-x86_64-fedora-gcc 0.3.2 113.28 NOTE
r-devel-windows-x86_64 0.3.2 33.00 116.00 149.00 NOTE
r-patched-linux-x86_64 0.3.2 14.92 63.92 78.84 NOTE
r-release-linux-x86_64 0.3.2 15.52 62.81 78.33 NOTE
r-release-macos-arm64 0.3.2 30.00 NOTE
r-release-macos-x86_64 0.3.2 46.00 NOTE
r-release-windows-x86_64 0.3.2 27.00 116.00 143.00 NOTE
r-oldrel-macos-arm64 0.3.2 33.00 NOTE
r-oldrel-macos-x86_64 0.3.2 64.00 NOTE
r-oldrel-windows-ix86+x86_64 0.3.2 52.00 157.00 209.00 NOTE

Check Details

Version: 0.3.2
Check: LazyData
Result: NOTE
     'LazyData' is specified without a 'data' directory
Flavors: r-devel-linux-x86_64-debian-clang, r-devel-linux-x86_64-debian-gcc, r-devel-linux-x86_64-fedora-clang, r-devel-linux-x86_64-fedora-gcc, r-devel-windows-x86_64, r-patched-linux-x86_64, r-release-linux-x86_64, r-release-macos-arm64, r-release-macos-x86_64, r-release-windows-x86_64, r-oldrel-macos-arm64, r-oldrel-macos-x86_64, r-oldrel-windows-ix86+x86_64