Last updated on 2023-01-29 07:56:07 CET.
Flavor | Version | Tinstall | Tcheck | Ttotal | Status | Flags |
---|---|---|---|---|---|---|
r-devel-linux-x86_64-debian-clang | 0.4.3 | 3.56 | 43.52 | 47.08 | OK | |
r-devel-linux-x86_64-debian-gcc | 0.4.3 | 2.56 | 33.09 | 35.65 | OK | |
r-devel-linux-x86_64-fedora-clang | 0.4.3 | 58.15 | OK | |||
r-devel-linux-x86_64-fedora-gcc | 0.4.3 | 76.43 | OK | |||
r-devel-windows-x86_64 | 0.4.3 | 29.00 | 83.00 | 112.00 | NOTE | |
r-patched-linux-x86_64 | 0.4.3 | 3.55 | 41.46 | 45.01 | OK | |
r-release-linux-x86_64 | 0.4.3 | 2.69 | 45.83 | 48.52 | OK | |
r-release-macos-arm64 | 0.4.3 | 26.00 | OK | |||
r-release-macos-x86_64 | 0.4.3 | 38.00 | OK | |||
r-release-windows-x86_64 | 0.4.3 | 16.00 | 93.00 | 109.00 | NOTE | |
r-oldrel-macos-arm64 | 0.4.3 | 31.00 | OK | |||
r-oldrel-macos-x86_64 | 0.4.3 | 43.00 | OK | |||
r-oldrel-windows-ix86+x86_64 | 0.4.3 | 11.00 | 97.00 | 108.00 | NOTE |
Version: 0.4.3
Check: package dependencies
Result: NOTE
Package suggested but not available for checking: 'rsyslog'
Flavors: r-devel-windows-x86_64, r-release-windows-x86_64, r-oldrel-windows-ix86+x86_64
Version: 0.4.3
Check: Rd cross-references
Result: NOTE
Package unavailable to check Rd xrefs: 'rsyslog'
Flavor: r-oldrel-windows-ix86+x86_64