CRAN Package Check Results for Package loewesadditivity

Last updated on 2024-02-27 07:54:51 CET.

Flavor Version Tinstall Tcheck Ttotal Status Flags
r-devel-linux-x86_64-debian-clang 0.1.0 3.77 99.84 103.61 NOTE
r-devel-linux-x86_64-debian-gcc 0.1.0 3.17 78.58 81.75 NOTE
r-devel-linux-x86_64-fedora-clang 0.1.0 137.72 NOTE
r-devel-linux-x86_64-fedora-gcc 0.1.0 142.38 NOTE
r-devel-windows-x86_64 0.1.0 5.00 92.00 97.00 OK
r-patched-linux-x86_64 0.1.0 3.33 95.79 99.12 OK
r-release-linux-x86_64 0.1.0 2.47 103.26 105.73 OK
r-release-macos-arm64 0.1.0 46.00 OK
r-release-macos-x86_64 0.1.0 70.00 OK
r-release-windows-x86_64 0.1.0 6.00 112.00 118.00 OK
r-oldrel-macos-arm64 0.1.0 35.00 OK
r-oldrel-windows-x86_64 0.1.0 6.00 113.00 119.00 OK

Check Details

Version: 0.1.0
Check: Rd files
Result: NOTE checkRd: (-1) SSE_GIA.Rd:13: Lost braces in \itemize; meant \describe ? checkRd: (-1) SSE_GIA.Rd:14: Lost braces in \itemize; meant \describe ? checkRd: (-1) SSE_GIA.Rd:15: Lost braces in \itemize; meant \describe ? checkRd: (-1) boot_GIA.Rd:24: Lost braces in \itemize; meant \describe ? checkRd: (-1) boot_GIA.Rd:25: Lost braces in \itemize; meant \describe ? checkRd: (-1) boot_GIA.Rd:26: Lost braces in \itemize; meant \describe ? checkRd: (-1) boot_GIA.Rd:46: Lost braces in \itemize; \value handles \item{}{} directly checkRd: (-1) boot_GIA.Rd:47: Lost braces in \itemize; \value handles \item{}{} directly checkRd: (-1) boot_GIA.Rd:48: Lost braces in \itemize; \value handles \item{}{} directly checkRd: (-1) cyrpa_ripr.Rd:17: Lost braces 17 | \item{exp{x}{y}rep{z}}{the results from experiment x, sub item y, repetition z} | ^ checkRd: (-1) cyrpa_ripr.Rd:17: Lost braces 17 | \item{exp{x}{y}rep{z}}{the results from experiment x, sub item y, repetition z} | ^ checkRd: (-1) cyrpa_ripr.Rd:17: Lost braces 17 | \item{exp{x}{y}rep{z}}{the results from experiment x, sub item y, repetition z} | ^ checkRd: (-1) estimate_params.Rd:22: Lost braces in \itemize; meant \describe ? checkRd: (-1) estimate_params.Rd:23: Lost braces in \itemize; meant \describe ? checkRd: (-1) estimate_params.Rd:24: Lost braces in \itemize; meant \describe ? checkRd: (-1) estimate_params.Rd:44: Lost braces in \itemize; \value handles \item{}{} directly checkRd: (-1) estimate_params.Rd:45: Lost braces in \itemize; \value handles \item{}{} directly checkRd: (-1) estimate_params.Rd:46: Lost braces in \itemize; \value handles \item{}{} directly checkRd: (-1) estimate_params.Rd:47: Lost braces in \itemize; \value handles \item{}{} directly checkRd: (-1) rh5_ama1ron2.Rd:12: Lost braces 12 | \item{exp{x}{y}rep{z}}{the results from experiment x, sub item y, repetition z} | ^ checkRd: (-1) rh5_ama1ron2.Rd:12: Lost braces 12 | \item{exp{x}{y}rep{z}}{the results from experiment x, sub item y, repetition z} | ^ checkRd: (-1) rh5_ama1ron2.Rd:12: Lost braces 12 | \item{exp{x}{y}rep{z}}{the results from experiment x, sub item y, repetition z} | ^ Flavors: r-devel-linux-x86_64-debian-clang, r-devel-linux-x86_64-debian-gcc, r-devel-linux-x86_64-fedora-clang, r-devel-linux-x86_64-fedora-gcc