CRAN Package Check Results for Package lmvar

Last updated on 2023-02-06 06:52:00 CET.

Flavor Version Tinstall Tcheck Ttotal Status Flags
r-devel-linux-x86_64-debian-clang 1.5.2 4.90 87.64 92.54 NOTE
r-devel-linux-x86_64-debian-gcc 1.5.2 5.06 66.71 71.77 NOTE
r-devel-linux-x86_64-fedora-clang 1.5.2 118.98 NOTE
r-devel-linux-x86_64-fedora-gcc 1.5.2 135.59 NOTE
r-devel-windows-x86_64 1.5.2 37.00 195.00 232.00 NOTE
r-patched-linux-x86_64 1.5.2 5.42 82.77 88.19 NOTE
r-release-linux-x86_64 1.5.2 5.70 82.67 88.37 NOTE
r-release-macos-arm64 1.5.2 55.00 NOTE
r-release-macos-x86_64 1.5.2 78.00 NOTE
r-release-windows-x86_64 1.5.2 35.00 186.00 221.00 NOTE
r-oldrel-macos-arm64 1.5.2 72.00 NOTE
r-oldrel-macos-x86_64 1.5.2 113.00 NOTE
r-oldrel-windows-ix86+x86_64 1.5.2 11.00 164.00 175.00 NOTE

Additional issues

donttest

Check Details

Version: 1.5.2
Check: LazyData
Result: NOTE
     'LazyData' is specified without a 'data' directory
Flavors: r-devel-linux-x86_64-debian-clang, r-devel-linux-x86_64-debian-gcc, r-devel-linux-x86_64-fedora-clang, r-devel-linux-x86_64-fedora-gcc, r-devel-windows-x86_64, r-patched-linux-x86_64, r-release-linux-x86_64, r-release-macos-arm64, r-release-macos-x86_64, r-release-windows-x86_64, r-oldrel-macos-arm64, r-oldrel-macos-x86_64, r-oldrel-windows-ix86+x86_64