Last updated on 2023-12-03 08:50:12 CET.
Flavor | Version | Tinstall | Tcheck | Ttotal | Status | Flags |
---|---|---|---|---|---|---|
r-devel-linux-x86_64-debian-clang | 1.2.1 | 5.01 | 67.07 | 72.08 | OK | |
r-devel-linux-x86_64-debian-gcc | 1.2.1 | 3.46 | 45.93 | 49.39 | OK | |
r-devel-linux-x86_64-fedora-clang | 1.2.1 | 86.44 | NOTE | |||
r-devel-linux-x86_64-fedora-gcc | 1.2.1 | 81.77 | OK | |||
r-devel-windows-x86_64 | 1.2.1 | 6.00 | 65.00 | 71.00 | OK | |
r-patched-linux-x86_64 | 1.2.1 | 5.76 | 62.94 | 68.70 | OK | |
r-release-linux-x86_64 | 1.2.1 | 4.43 | 61.32 | 65.75 | OK | |
r-release-macos-arm64 | 1.2.1 | 25.00 | OK | |||
r-release-macos-x86_64 | 1.2.1 | 40.00 | OK | |||
r-release-windows-x86_64 | 1.2.1 | 4.00 | 75.00 | 79.00 | OK | |
r-oldrel-macos-arm64 | 1.2.1 | 23.00 | OK | |||
r-oldrel-macos-x86_64 | 1.2.1 | 34.00 | OK | |||
r-oldrel-windows-x86_64 | 1.2.1 | 19.00 | 81.00 | 100.00 | OK |
Version: 1.2.1
Check: Rd cross-references
Result: NOTE
Undeclared packages ‘sfsmisc’, ‘mnormt’ in Rd xrefs
Flavor: r-devel-linux-x86_64-fedora-clang