Last updated on 2023-06-10 08:00:26 CEST.
Flavor | Version | Tinstall | Tcheck | Ttotal | Status | Flags |
---|---|---|---|---|---|---|
r-devel-linux-x86_64-debian-clang | 3.1-3 | 16.56 | 288.31 | 304.87 | OK | |
r-devel-linux-x86_64-debian-gcc | 3.1-3 | 12.76 | 213.81 | 226.57 | OK | |
r-devel-linux-x86_64-fedora-clang | 3.1-3 | 364.91 | OK | |||
r-devel-linux-x86_64-fedora-gcc | 3.1-3 | 356.91 | OK | |||
r-devel-windows-x86_64 | 3.1-3 | 14.00 | 213.00 | 227.00 | OK | |
r-patched-linux-x86_64 | 3.1-3 | 13.28 | 271.06 | 284.34 | OK | |
r-release-linux-x86_64 | 3.1-3 | 10.65 | 273.71 | 284.36 | OK | |
r-release-macos-arm64 | 3.1-3 | 108.00 | OK | |||
r-release-macos-x86_64 | 3.1-3 | 183.00 | NOTE | |||
r-release-windows-x86_64 | 3.1-3 | 18.00 | 274.00 | 292.00 | OK | |
r-oldrel-macos-arm64 | 3.1-3 | 98.00 | OK | |||
r-oldrel-macos-x86_64 | 3.1-3 | 172.00 | OK | |||
r-oldrel-windows-x86_64 | 3.1-3 | 21.00 | 265.00 | 286.00 | OK |
Version: 3.1-3
Check: package dependencies
Result: NOTE
Package suggested but not available for checking: ‘pbkrtest’
Flavor: r-release-macos-x86_64
Version: 3.1-3
Check: Rd cross-references
Result: NOTE
Package unavailable to check Rd xrefs: ‘pbkrtest’
Flavor: r-release-macos-x86_64