Last updated on 2023-02-02 06:54:56 CET.
Flavor | Version | Tinstall | Tcheck | Ttotal | Status | Flags |
---|---|---|---|---|---|---|
r-devel-linux-x86_64-debian-clang | 0.2.4 | 31.52 | 250.87 | 282.39 | OK | |
r-devel-linux-x86_64-debian-gcc | 0.2.4 | 22.19 | 181.55 | 203.74 | OK | |
r-devel-linux-x86_64-fedora-clang | 0.2.4 | 345.57 | OK | |||
r-devel-linux-x86_64-fedora-gcc | 0.2.4 | 330.81 | OK | |||
r-patched-linux-x86_64 | 0.2.4 | 25.30 | 229.19 | 254.49 | OK | |
r-release-linux-x86_64 | 0.2.4 | 26.29 | 231.98 | 258.27 | OK | |
r-release-macos-arm64 | 0.2.4 | 94.00 | OK | |||
r-release-macos-x86_64 | 0.2.4 | 117.00 | OK | |||
r-release-windows-x86_64 | 0.2.4 | 4.00 | 8.00 | 12.00 | ERROR | |
r-oldrel-macos-arm64 | 0.2.4 | 89.00 | OK | |||
r-oldrel-macos-x86_64 | 0.2.4 | 112.00 | OK | |||
r-oldrel-windows-ix86+x86_64 | 0.2.4 | 58.00 | 249.00 | 307.00 | OK |
Version: 0.2.4
Check: whether package can be installed
Result: ERROR
Installation failed.
Flavor: r-release-windows-x86_64