CRAN Package Check Results for Package llogistic

Last updated on 2023-01-26 07:53:54 CET.

Flavor Version Tinstall Tcheck Ttotal Status Flags
r-devel-linux-x86_64-debian-clang 1.0.3 1.53 20.75 22.28 NOTE
r-devel-linux-x86_64-debian-gcc 1.0.3 1.58 16.34 17.92 NOTE
r-devel-linux-x86_64-fedora-clang 1.0.3 29.00 NOTE
r-devel-linux-x86_64-fedora-gcc 1.0.3 28.31 NOTE
r-devel-windows-x86_64 1.0.3 11.00 48.00 59.00 NOTE
r-patched-linux-x86_64 1.0.3 1.80 20.63 22.43 NOTE
r-release-linux-x86_64 1.0.3 1.88 21.05 22.93 NOTE
r-release-macos-arm64 1.0.3 14.00 NOTE
r-release-macos-x86_64 1.0.3 20.00 NOTE
r-release-windows-x86_64 1.0.3 4.00 46.00 50.00 NOTE
r-oldrel-macos-arm64 1.0.3 16.00 NOTE
r-oldrel-macos-x86_64 1.0.3 25.00 NOTE
r-oldrel-windows-ix86+x86_64 1.0.3 5.00 27.00 32.00 NOTE

Check Details

Version: 1.0.3
Check: LazyData
Result: NOTE
     'LazyData' is specified without a 'data' directory
Flavors: r-devel-linux-x86_64-debian-clang, r-devel-linux-x86_64-debian-gcc, r-devel-linux-x86_64-fedora-clang, r-devel-linux-x86_64-fedora-gcc, r-devel-windows-x86_64, r-patched-linux-x86_64, r-release-linux-x86_64, r-release-macos-arm64, r-release-macos-x86_64, r-release-windows-x86_64, r-oldrel-macos-arm64, r-oldrel-macos-x86_64, r-oldrel-windows-ix86+x86_64