Last updated on 2023-02-02 06:54:56 CET.
Flavor | Version | Tinstall | Tcheck | Ttotal | Status | Flags |
---|---|---|---|---|---|---|
r-devel-linux-x86_64-debian-clang | 1.5.13 | 13.94 | 173.73 | 187.67 | OK | |
r-devel-linux-x86_64-debian-gcc | 1.5.13 | 11.60 | 128.55 | 140.15 | OK | |
r-devel-linux-x86_64-fedora-clang | 1.5.13 | 240.86 | NOTE | |||
r-devel-linux-x86_64-fedora-gcc | 1.5.13 | 254.15 | NOTE | |||
r-devel-windows-x86_64 | 1.5.13 | 35.00 | 214.00 | 249.00 | OK | |
r-patched-linux-x86_64 | 1.5.13 | 8.70 | 161.01 | 169.71 | OK | |
r-release-linux-x86_64 | 1.5.13 | 10.47 | 166.24 | 176.71 | OK | |
r-release-macos-arm64 | 1.5.13 | 62.00 | NOTE | |||
r-release-macos-x86_64 | 1.5.13 | 101.00 | NOTE | |||
r-release-windows-x86_64 | 1.5.13 | 23.00 | 218.00 | 241.00 | OK | |
r-oldrel-macos-arm64 | 1.5.13 | 91.00 | NOTE | |||
r-oldrel-macos-x86_64 | 1.5.13 | 112.00 | NOTE | |||
r-oldrel-windows-ix86+x86_64 | 1.5.13 | 30.00 | 206.00 | 236.00 | OK |
Version: 1.5.13
Check: dependencies in R code
Result: NOTE
Namespace in Imports field not imported from: ‘e1071’
All declared Imports should be used.
Flavors: r-devel-linux-x86_64-fedora-clang, r-devel-linux-x86_64-fedora-gcc, r-release-macos-arm64, r-release-macos-x86_64, r-oldrel-macos-arm64, r-oldrel-macos-x86_64
Version: 1.5.13
Check: package dependencies
Result: NOTE
Package suggested but not available for checking: ‘RWeka’
Flavor: r-release-macos-x86_64