CRAN Package Check Results for Package listviewer

Last updated on 2023-02-02 06:54:56 CET.

Flavor Version Tinstall Tcheck Ttotal Status Flags
r-devel-linux-x86_64-debian-clang 3.0.0 3.15 29.84 32.99 NOTE
r-devel-linux-x86_64-debian-gcc 3.0.0 2.58 23.61 26.19 NOTE
r-devel-linux-x86_64-fedora-clang 3.0.0 42.17 NOTE
r-devel-linux-x86_64-fedora-gcc 3.0.0 41.31 NOTE
r-devel-windows-x86_64 3.0.0 25.00 73.00 98.00 NOTE
r-patched-linux-x86_64 3.0.0 3.12 30.29 33.41 NOTE
r-release-linux-x86_64 3.0.0 2.29 30.27 32.56 NOTE
r-release-macos-arm64 3.0.0 14.00 NOTE
r-release-macos-x86_64 3.0.0 31.00 NOTE
r-release-windows-x86_64 3.0.0 35.00 73.00 108.00 NOTE
r-oldrel-macos-arm64 3.0.0 22.00 NOTE
r-oldrel-macos-x86_64 3.0.0 28.00 NOTE
r-oldrel-windows-ix86+x86_64 3.0.0 10.00 56.00 66.00 NOTE

Check Details

Version: 3.0.0
Check: LazyData
Result: NOTE
     'LazyData' is specified without a 'data' directory
Flavors: r-devel-linux-x86_64-debian-clang, r-devel-linux-x86_64-debian-gcc, r-devel-linux-x86_64-fedora-clang, r-devel-linux-x86_64-fedora-gcc, r-devel-windows-x86_64, r-patched-linux-x86_64, r-release-linux-x86_64, r-release-macos-arm64, r-release-macos-x86_64, r-release-windows-x86_64, r-oldrel-macos-arm64, r-oldrel-macos-x86_64, r-oldrel-windows-ix86+x86_64