CRAN Package Check Results for Package listarrays

Last updated on 2023-01-28 08:00:38 CET.

Flavor Version Tinstall Tcheck Ttotal Status Flags
r-devel-linux-x86_64-debian-clang 0.3.1 2.36 33.21 35.57 NOTE
r-devel-linux-x86_64-debian-gcc 0.3.1 2.11 26.07 28.18 NOTE
r-devel-linux-x86_64-fedora-clang 0.3.1 46.10 NOTE
r-devel-linux-x86_64-fedora-gcc 0.3.1 44.76 NOTE
r-devel-windows-x86_64 0.3.1 37.00 62.00 99.00 NOTE
r-patched-linux-x86_64 0.3.1 2.97 33.33 36.30 NOTE
r-release-linux-x86_64 0.3.1 2.19 33.07 35.26 NOTE
r-release-macos-arm64 0.3.1 17.00 NOTE
r-release-macos-x86_64 0.3.1 25.00 NOTE
r-release-windows-x86_64 0.3.1 37.00 62.00 99.00 NOTE
r-oldrel-macos-arm64 0.3.1 18.00 NOTE
r-oldrel-macos-x86_64 0.3.1 33.00 NOTE
r-oldrel-windows-ix86+x86_64 0.3.1 8.00 58.00 66.00 NOTE

Check Details

Version: 0.3.1
Check: LazyData
Result: NOTE
     'LazyData' is specified without a 'data' directory
Flavors: r-devel-linux-x86_64-debian-clang, r-devel-linux-x86_64-debian-gcc, r-devel-linux-x86_64-fedora-clang, r-devel-linux-x86_64-fedora-gcc, r-devel-windows-x86_64, r-patched-linux-x86_64, r-release-linux-x86_64, r-release-macos-arm64, r-release-macos-x86_64, r-release-windows-x86_64, r-oldrel-macos-arm64, r-oldrel-macos-x86_64, r-oldrel-windows-ix86+x86_64

Version: 0.3.1
Check: Rd cross-references
Result: NOTE
    Undeclared package ‘keras’ in Rd xrefs
Flavor: r-devel-linux-x86_64-fedora-clang