CRAN Package Check Results for Package liqueueR

Last updated on 2023-01-27 07:50:36 CET.

Flavor Version Tinstall Tcheck Ttotal Status Flags
r-devel-linux-x86_64-debian-clang 0.0.1 3.07 27.07 30.14 NOTE
r-devel-linux-x86_64-debian-gcc 0.0.1 1.92 20.98 22.90 NOTE
r-devel-linux-x86_64-fedora-clang 0.0.1 37.77 NOTE
r-devel-linux-x86_64-fedora-gcc 0.0.1 37.06 NOTE
r-devel-windows-x86_64 0.0.1 8.00 58.00 66.00 NOTE
r-patched-linux-x86_64 0.0.1 2.62 27.40 30.02 NOTE
r-release-linux-x86_64 0.0.1 2.59 27.74 30.33 NOTE
r-release-macos-arm64 0.0.1 18.00 NOTE
r-release-macos-x86_64 0.0.1 23.00 NOTE
r-release-windows-x86_64 0.0.1 15.00 60.00 75.00 NOTE
r-oldrel-macos-arm64 0.0.1 23.00 NOTE
r-oldrel-macos-x86_64 0.0.1 31.00 NOTE
r-oldrel-windows-ix86+x86_64 0.0.1 8.00 53.00 61.00 NOTE

Check Details

Version: 0.0.1
Check: LazyData
Result: NOTE
     'LazyData' is specified without a 'data' directory
Flavors: r-devel-linux-x86_64-debian-clang, r-devel-linux-x86_64-debian-gcc, r-devel-linux-x86_64-fedora-clang, r-devel-linux-x86_64-fedora-gcc, r-devel-windows-x86_64, r-patched-linux-x86_64, r-release-linux-x86_64, r-release-macos-arm64, r-release-macos-x86_64, r-release-windows-x86_64, r-oldrel-macos-arm64, r-oldrel-macos-x86_64, r-oldrel-windows-ix86+x86_64