CRAN Package Check Results for Package linprog

Last updated on 2023-03-30 06:53:19 CEST.

Flavor Version Tinstall Tcheck Ttotal Status Flags
r-devel-linux-x86_64-debian-clang 0.9-4 3.71 27.79 31.50 NOTE
r-devel-linux-x86_64-debian-gcc 0.9-4 2.48 21.60 24.08 NOTE
r-devel-linux-x86_64-fedora-clang 0.9-4 39.55 NOTE
r-devel-linux-x86_64-fedora-gcc 0.9-4 37.19 NOTE
r-devel-windows-x86_64 0.9-4 12.00 0.00 12.00 NOTE
r-patched-linux-x86_64 0.9-4 2.92 27.04 29.96 NOTE
r-release-linux-x86_64 0.9-4 3.38 28.42 31.80 OK
r-release-macos-arm64 0.9-4 16.00 OK
r-release-macos-x86_64 0.9-4 23.00 OK
r-release-windows-x86_64 0.9-4 14.00 59.00 73.00 OK
r-oldrel-macos-arm64 0.9-4 23.00 OK
r-oldrel-macos-x86_64 0.9-4 24.00 OK
r-oldrel-windows-ix86+x86_64 0.9-4 6.00 54.00 60.00 OK

Check Details

Version: 0.9-4
Check: Rd files
Result: NOTE
    checkRd: (-1) solveLP.Rd:119: Escaped LaTeX specials: \&
Flavors: r-devel-linux-x86_64-debian-clang, r-devel-linux-x86_64-debian-gcc, r-devel-linux-x86_64-fedora-clang, r-devel-linux-x86_64-fedora-gcc, r-devel-windows-x86_64, r-patched-linux-x86_64