CRAN Package Check Results for Package linkspotter

Last updated on 2023-01-28 08:00:38 CET.

Flavor Version Tinstall Tcheck Ttotal Status Flags
r-devel-linux-x86_64-debian-clang 1.3.0 10.00 106.79 116.79 NOTE
r-devel-linux-x86_64-debian-gcc 1.3.0 8.04 78.95 86.99 NOTE
r-devel-linux-x86_64-fedora-clang 1.3.0 144.44 NOTE
r-devel-linux-x86_64-fedora-gcc 1.3.0 150.29 NOTE
r-devel-windows-x86_64 1.3.0 38.00 131.00 169.00 NOTE
r-patched-linux-x86_64 1.3.0 10.88 100.88 111.76 NOTE
r-release-linux-x86_64 1.3.0 10.20 104.45 114.65 NOTE
r-release-macos-arm64 1.3.0 34.00 NOTE
r-release-macos-x86_64 1.3.0 83.00 NOTE
r-release-windows-x86_64 1.3.0 42.00 144.00 186.00 NOTE
r-oldrel-macos-arm64 1.3.0 82.00 NOTE
r-oldrel-macos-x86_64 1.3.0 64.00 NOTE
r-oldrel-windows-ix86+x86_64 1.3.0 23.00 138.00 161.00 NOTE

Check Details

Version: 1.3.0
Check: LazyData
Result: NOTE
     'LazyData' is specified without a 'data' directory
Flavors: r-devel-linux-x86_64-debian-clang, r-devel-linux-x86_64-debian-gcc, r-devel-linux-x86_64-fedora-clang, r-devel-linux-x86_64-fedora-gcc, r-devel-windows-x86_64, r-patched-linux-x86_64, r-release-linux-x86_64, r-release-macos-arm64, r-release-macos-x86_64, r-release-windows-x86_64, r-oldrel-macos-arm64, r-oldrel-macos-x86_64, r-oldrel-windows-ix86+x86_64