Last updated on 2023-02-05 07:57:26 CET.
Flavor | Version | Tinstall | Tcheck | Ttotal | Status | Flags |
---|---|---|---|---|---|---|
r-devel-linux-x86_64-debian-clang | 1.2.0 | 4.59 | 42.40 | 46.99 | NOTE | |
r-devel-linux-x86_64-debian-gcc | 1.2.0 | 3.47 | 32.34 | 35.81 | NOTE | |
r-devel-linux-x86_64-fedora-clang | 1.2.0 | 58.76 | NOTE | |||
r-devel-linux-x86_64-fedora-gcc | 1.2.0 | 56.89 | NOTE | |||
r-devel-windows-x86_64 | 1.2.0 | 43.00 | 71.00 | 114.00 | NOTE | |
r-patched-linux-x86_64 | 1.2.0 | 4.35 | 40.46 | 44.81 | NOTE | |
r-release-linux-x86_64 | 1.2.0 | 3.94 | 40.86 | 44.80 | NOTE | |
r-release-macos-arm64 | 1.2.0 | 19.00 | NOTE | |||
r-release-macos-x86_64 | 1.2.0 | 40.00 | NOTE | |||
r-release-windows-x86_64 | 1.2.0 | 30.00 | 77.00 | 107.00 | NOTE | |
r-oldrel-macos-arm64 | 1.2.0 | 26.00 | NOTE | |||
r-oldrel-macos-x86_64 | 1.2.0 | 34.00 | NOTE | |||
r-oldrel-windows-ix86+x86_64 | 1.2.0 | 14.00 | 73.00 | 87.00 | NOTE |
Version: 1.2.0
Check: LazyData
Result: NOTE
'LazyData' is specified without a 'data' directory
Flavors: r-devel-linux-x86_64-debian-clang, r-devel-linux-x86_64-debian-gcc, r-devel-linux-x86_64-fedora-clang, r-devel-linux-x86_64-fedora-gcc, r-devel-windows-x86_64, r-patched-linux-x86_64, r-release-linux-x86_64, r-release-macos-arm64, r-release-macos-x86_64, r-release-windows-x86_64, r-oldrel-macos-arm64, r-oldrel-macos-x86_64, r-oldrel-windows-ix86+x86_64