Last updated on 2023-01-29 07:56:07 CET.
Flavor | Version | Tinstall | Tcheck | Ttotal | Status | Flags |
---|---|---|---|---|---|---|
r-devel-linux-x86_64-debian-clang | 1.0.0 | 2.75 | 37.66 | 40.41 | NOTE | |
r-devel-linux-x86_64-debian-gcc | 1.0.0 | 1.52 | 29.23 | 30.75 | NOTE | |
r-devel-linux-x86_64-fedora-clang | 1.0.0 | 50.89 | NOTE | |||
r-devel-linux-x86_64-fedora-gcc | 1.0.0 | 49.08 | NOTE | |||
r-devel-windows-x86_64 | 1.0.0 | 25.00 | 80.00 | 105.00 | NOTE | |
r-patched-linux-x86_64 | 1.0.0 | 2.81 | 37.13 | 39.94 | NOTE | |
r-release-linux-x86_64 | 1.0.0 | 2.65 | 36.92 | 39.57 | NOTE | |
r-release-macos-arm64 | 1.0.0 | 16.00 | NOTE | |||
r-release-macos-x86_64 | 1.0.0 | 35.00 | NOTE | |||
r-release-windows-x86_64 | 1.0.0 | 14.00 | 77.00 | 91.00 | NOTE | |
r-oldrel-macos-arm64 | 1.0.0 | 25.00 | NOTE | |||
r-oldrel-macos-x86_64 | 1.0.0 | 34.00 | NOTE | |||
r-oldrel-windows-ix86+x86_64 | 1.0.0 | 6.00 | 69.00 | 75.00 | NOTE |
Version: 1.0.0
Check: LazyData
Result: NOTE
'LazyData' is specified without a 'data' directory
Flavors: r-devel-linux-x86_64-debian-clang, r-devel-linux-x86_64-debian-gcc, r-devel-linux-x86_64-fedora-clang, r-devel-linux-x86_64-fedora-gcc, r-devel-windows-x86_64, r-patched-linux-x86_64, r-release-linux-x86_64, r-release-macos-arm64, r-release-macos-x86_64, r-release-windows-x86_64, r-oldrel-macos-arm64, r-oldrel-macos-x86_64, r-oldrel-windows-ix86+x86_64