Last updated on 2023-06-01 07:57:04 CEST.
Flavor | Version | Tinstall | Tcheck | Ttotal | Status | Flags |
---|---|---|---|---|---|---|
r-devel-linux-x86_64-debian-clang | 0.9 | 5.02 | 63.00 | 68.02 | NOTE | |
r-devel-linux-x86_64-debian-gcc | 0.9 | 3.73 | 48.65 | 52.38 | NOTE | |
r-devel-linux-x86_64-fedora-clang | 0.9 | 85.48 | NOTE | |||
r-devel-linux-x86_64-fedora-gcc | 0.9 | 81.72 | NOTE | |||
r-devel-windows-x86_64 | 0.9 | 7.00 | 72.00 | 79.00 | NOTE | |
r-patched-linux-x86_64 | 0.9 | NOTE | ||||
r-release-linux-x86_64 | 0.9 | 5.71 | 59.80 | 65.51 | NOTE | |
r-release-macos-arm64 | 0.9 | 29.00 | NOTE | |||
r-release-macos-x86_64 | 0.9 | 45.00 | NOTE | |||
r-release-windows-x86_64 | 0.9 | 9.00 | 84.00 | 93.00 | NOTE | |
r-oldrel-macos-arm64 | 0.9 | 25.00 | NOTE | |||
r-oldrel-macos-x86_64 | 0.9 | 53.00 | NOTE | |||
r-oldrel-windows-x86_64 | 0.9 | 9.00 | 87.00 | 96.00 | NOTE |
Version: 0.9
Check: LazyData
Result: NOTE
'LazyData' is specified without a 'data' directory
Flavors: r-devel-linux-x86_64-debian-clang, r-devel-linux-x86_64-debian-gcc, r-devel-linux-x86_64-fedora-clang, r-devel-linux-x86_64-fedora-gcc, r-devel-windows-x86_64, r-patched-linux-x86_64, r-release-linux-x86_64, r-release-macos-arm64, r-release-macos-x86_64, r-release-windows-x86_64, r-oldrel-macos-arm64, r-oldrel-macos-x86_64, r-oldrel-windows-x86_64