CRAN Package Check Results for Package lindia

Last updated on 2023-02-07 07:54:05 CET.

Flavor Version Tinstall Tcheck Ttotal Status Flags
r-devel-linux-x86_64-debian-clang 0.9 4.63 62.99 67.62 NOTE
r-devel-linux-x86_64-debian-gcc 0.9 4.57 46.46 51.03 NOTE
r-devel-linux-x86_64-fedora-clang 0.9 87.54 NOTE
r-devel-linux-x86_64-fedora-gcc 0.9 80.47 NOTE
r-devel-windows-x86_64 0.9 18.00 97.00 115.00 NOTE
r-patched-linux-x86_64 0.9 6.19 59.15 65.34 NOTE
r-release-linux-x86_64 0.9 5.84 61.51 67.35 NOTE
r-release-macos-arm64 0.9 25.00 NOTE
r-release-macos-x86_64 0.9 53.00 NOTE
r-release-windows-x86_64 0.9 15.00 109.00 124.00 NOTE
r-oldrel-macos-arm64 0.9 37.00 NOTE
r-oldrel-macos-x86_64 0.9 47.00 NOTE
r-oldrel-windows-ix86+x86_64 0.9 14.00 87.00 101.00 NOTE

Check Details

Version: 0.9
Check: LazyData
Result: NOTE
     'LazyData' is specified without a 'data' directory
Flavors: r-devel-linux-x86_64-debian-clang, r-devel-linux-x86_64-debian-gcc, r-devel-linux-x86_64-fedora-clang, r-devel-linux-x86_64-fedora-gcc, r-devel-windows-x86_64, r-patched-linux-x86_64, r-release-linux-x86_64, r-release-macos-arm64, r-release-macos-x86_64, r-release-windows-x86_64, r-oldrel-macos-arm64, r-oldrel-macos-x86_64, r-oldrel-windows-ix86+x86_64