Last updated on 2023-01-29 07:56:07 CET.
Flavor | Version | Tinstall | Tcheck | Ttotal | Status | Flags |
---|---|---|---|---|---|---|
r-devel-linux-x86_64-debian-clang | 0.1.2 | 6.80 | 92.79 | 99.59 | OK | |
r-devel-linux-x86_64-debian-gcc | 0.1.2 | 5.26 | 70.37 | 75.63 | OK | |
r-devel-linux-x86_64-fedora-clang | 0.1.2 | 122.49 | NOTE | |||
r-devel-linux-x86_64-fedora-gcc | 0.1.2 | 134.32 | OK | |||
r-devel-windows-x86_64 | 0.1.2 | 31.00 | 139.00 | 170.00 | OK | |
r-patched-linux-x86_64 | 0.1.2 | 11.44 | 93.69 | 105.13 | OK | |
r-release-linux-x86_64 | 0.1.2 | 5.45 | 93.16 | 98.61 | OK | |
r-release-macos-arm64 | 0.1.2 | 43.00 | OK | |||
r-release-macos-x86_64 | 0.1.2 | 75.00 | OK | |||
r-release-windows-x86_64 | 0.1.2 | 19.00 | 137.00 | 156.00 | OK | |
r-oldrel-macos-arm64 | 0.1.2 | 59.00 | OK | |||
r-oldrel-macos-x86_64 | 0.1.2 | 62.00 | OK | |||
r-oldrel-windows-ix86+x86_64 | 0.1.2 | 15.00 | 133.00 | 148.00 | OK |
Version: 0.1.2
Check: Rd cross-references
Result: NOTE
Undeclared package ‘tidyselect’ in Rd xrefs
Flavor: r-devel-linux-x86_64-fedora-clang