CRAN Package Check Results for Package liger

Last updated on 2024-02-23 07:52:12 CET.

Flavor Version Tinstall Tcheck Ttotal Status Flags
r-devel-linux-x86_64-debian-clang 2.0.1 OK
r-devel-linux-x86_64-debian-gcc 2.0.1 27.42 97.20 124.62 OK
r-devel-linux-x86_64-fedora-clang 2.0.1 244.97 NOTE
r-devel-linux-x86_64-fedora-gcc 2.0.1 235.55 OK
r-devel-windows-x86_64 2.0.1 31.00 136.00 167.00 NOTE
r-patched-linux-x86_64 2.0.1 37.29 131.63 168.92 OK
r-release-linux-x86_64 2.0.1 41.28 133.39 174.67 OK
r-release-macos-arm64 2.0.1 81.00 NOTE
r-release-macos-x86_64 2.0.1 139.00 NOTE
r-release-windows-x86_64 2.0.1 40.00 166.00 206.00 NOTE
r-oldrel-macos-arm64 2.0.1 70.00 NOTE
r-oldrel-windows-x86_64 2.0.1 39.00 174.00 213.00 NOTE

Check Details

Version: 2.0.1
Check: installed package size
Result: NOTE installed size is 5.7Mb sub-directories of 1Mb or more: data 3.3Mb doc 2.1Mb Flavors: r-devel-linux-x86_64-fedora-clang, r-devel-windows-x86_64, r-release-macos-arm64, r-release-macos-x86_64, r-release-windows-x86_64, r-oldrel-macos-arm64, r-oldrel-windows-x86_64