CRAN Package Check Results for Package liger

Last updated on 2023-01-26 07:53:54 CET.

Flavor Version Tinstall Tcheck Ttotal Status Flags
r-devel-linux-x86_64-debian-clang 2.0.1 34.58 157.60 192.18 OK
r-devel-linux-x86_64-debian-gcc 2.0.1 26.24 100.93 127.17 OK
r-devel-linux-x86_64-fedora-clang 2.0.1 248.72 NOTE
r-devel-linux-x86_64-fedora-gcc 2.0.1 229.22 OK
r-devel-windows-x86_64 2.0.1 42.00 178.00 220.00 NOTE
r-patched-linux-x86_64 2.0.1 28.46 137.09 165.55 OK
r-release-linux-x86_64 2.0.1 31.63 128.52 160.15 OK
r-release-macos-arm64 2.0.1 68.00 NOTE
r-release-macos-x86_64 2.0.1 83.00 NOTE
r-release-windows-x86_64 2.0.1 44.00 192.00 236.00 NOTE
r-oldrel-macos-arm64 2.0.1 70.00 NOTE
r-oldrel-macos-x86_64 2.0.1 133.00 NOTE
r-oldrel-windows-ix86+x86_64 2.0.1 91.00 209.00 300.00 NOTE

Check Details

Version: 2.0.1
Check: installed package size
Result: NOTE
     installed size is 5.8Mb
     sub-directories of 1Mb or more:
     data 3.3Mb
     doc 2.1Mb
Flavors: r-devel-linux-x86_64-fedora-clang, r-devel-windows-x86_64, r-release-macos-arm64, r-release-macos-x86_64, r-release-windows-x86_64, r-oldrel-macos-arm64, r-oldrel-macos-x86_64, r-oldrel-windows-ix86+x86_64