Last updated on 2023-03-22 05:52:30 CET.
Flavor | Version | Tinstall | Tcheck | Ttotal | Status | Flags |
---|---|---|---|---|---|---|
r-devel-linux-x86_64-debian-clang | 0.9.6 | 9.06 | 79.06 | 88.12 | OK | |
r-devel-linux-x86_64-debian-gcc | 0.9.6 | 6.69 | 58.23 | 64.92 | OK | |
r-devel-linux-x86_64-fedora-clang | 0.9.6 | 112.13 | NOTE | |||
r-devel-linux-x86_64-fedora-gcc | 0.9.6 | 110.53 | NOTE | |||
r-patched-linux-x86_64 | 0.9.6 | 7.46 | 75.55 | 83.01 | OK | |
r-release-linux-x86_64 | 0.9.6 | 6.35 | 75.71 | 82.06 | OK | |
r-release-macos-arm64 | 0.9.6 | 39.00 | NOTE | |||
r-release-macos-x86_64 | 0.9.6 | 48.00 | NOTE | |||
r-release-windows-x86_64 | 0.9.6 | 30.00 | 111.00 | 141.00 | OK |
Version: 0.9.6
Check: dependencies in R code
Result: NOTE
Namespace in Imports field not imported from: ‘knitr’
All declared Imports should be used.
Flavors: r-devel-linux-x86_64-fedora-clang, r-devel-linux-x86_64-fedora-gcc, r-release-macos-arm64, r-release-macos-x86_64