Last updated on 2023-12-03 08:50:12 CET.
Flavor | Version | Tinstall | Tcheck | Ttotal | Status | Flags |
---|---|---|---|---|---|---|
r-devel-linux-x86_64-debian-clang | 3.11.1-2 | 929.89 | 25.07 | 954.96 | OK | |
r-devel-linux-x86_64-debian-gcc | 3.11.1-2 | 610.73 | 19.29 | 630.02 | OK | |
r-devel-linux-x86_64-fedora-clang | 3.11.1-2 | 1919.96 | OK | |||
r-devel-linux-x86_64-fedora-gcc | 3.11.1-2 | 1470.20 | OK | |||
r-devel-windows-x86_64 | 3.11.1-2 | 634.00 | 96.00 | 730.00 | OK | |
r-patched-linux-x86_64 | 3.11.1-1 | 663.07 | 24.77 | 687.84 | NOTE | |
r-release-linux-x86_64 | 3.11.1-1 | 659.68 | 24.55 | 684.23 | NOTE | |
r-release-macos-arm64 | 3.11.1-2 | 254.00 | NOTE | |||
r-release-macos-x86_64 | 3.11.1-2 | 175.00 | NOTE | |||
r-release-windows-x86_64 | 3.11.1-2 | 619.00 | 122.00 | 741.00 | OK | |
r-oldrel-macos-arm64 | 3.11.1-2 | 252.00 | NOTE | |||
r-oldrel-macos-x86_64 | 3.11.1-1 | 343.00 | NOTE | |||
r-oldrel-windows-x86_64 | 3.11.1-2 | 520.00 | 101.00 | 621.00 | OK |
Version: 3.11.1-1
Check: C++ specification
Result: NOTE
Specified C++11: please drop specification unless essential
Flavors: r-patched-linux-x86_64, r-release-linux-x86_64
Version: 3.11.1-2
Check: installed package size
Result: NOTE
installed size is 43.5Mb
sub-directories of 1Mb or more:
libs 43.3Mb
Flavors: r-release-macos-arm64, r-release-macos-x86_64, r-oldrel-macos-arm64
Version: 3.11.1-1
Check: installed package size
Result: NOTE
installed size is 44.6Mb
sub-directories of 1Mb or more:
libs 44.4Mb
Flavor: r-oldrel-macos-x86_64