CRAN Package Check Results for Package liGP

Last updated on 2023-01-28 08:00:38 CET.

Flavor Version Tinstall Tcheck Ttotal Status Flags
r-devel-linux-x86_64-debian-clang 1.0.1 9.88 63.90 73.78 WARN
r-devel-linux-x86_64-debian-gcc 1.0.1 6.22 47.53 53.75 WARN
r-devel-linux-x86_64-fedora-clang 1.0.1 89.93 WARN
r-devel-linux-x86_64-fedora-gcc 1.0.1 87.33 WARN
r-devel-windows-x86_64 1.0.1 20.00 91.00 111.00 OK
r-patched-linux-x86_64 1.0.1 13.08 60.01 73.09 OK
r-release-linux-x86_64 1.0.1 10.07 61.50 71.57 OK
r-release-macos-arm64 1.0.1 28.00 OK
r-release-macos-x86_64 1.0.1 38.00 OK
r-release-windows-x86_64 1.0.1 27.00 92.00 119.00 OK
r-oldrel-macos-arm64 1.0.1 39.00 OK
r-oldrel-macos-x86_64 1.0.1 37.00 OK
r-oldrel-windows-ix86+x86_64 1.0.1 21.00 114.00 135.00 OK

Check Details

Version: 1.0.1
Check: whether package can be installed
Result: WARN
    Found the following significant warnings:
     init.c:6:22: warning: a function declaration without a prototype is deprecated in all versions of C [-Wstrict-prototypes]
    See ‘/home/hornik/tmp/R.check/r-devel-clang/Work/PKGS/liGP.Rcheck/00install.out’ for details.
    * used C compiler: ‘Debian clang version 15.0.6’
Flavor: r-devel-linux-x86_64-debian-clang

Version: 1.0.1
Check: whether package can be installed
Result: WARN
    Found the following significant warnings:
     init.c:6:1: warning: function declaration isn’t a prototype [-Wstrict-prototypes]
    See ‘/home/hornik/tmp/R.check/r-devel-gcc/Work/PKGS/liGP.Rcheck/00install.out’ for details.
    * used C compiler: ‘gcc-12 (Debian 12.2.0-14) 12.2.0’
Flavor: r-devel-linux-x86_64-debian-gcc

Version: 1.0.1
Check: whether package can be installed
Result: WARN
    Found the following significant warnings:
     init.c:6:22: warning: a function declaration without a prototype is deprecated in all versions of C [-Wstrict-prototypes]
    See ‘/data/gannet/ripley/R/packages/tests-clang/liGP.Rcheck/00install.out’ for details.
    * used C compiler: ‘clang version 15.0.6’
Flavor: r-devel-linux-x86_64-fedora-clang

Version: 1.0.1
Check: whether package can be installed
Result: WARN
    Found the following significant warnings:
     init.c:6:1: warning: function declaration isn’t a prototype [-Wstrict-prototypes]
    See ‘/data/gannet/ripley/R/packages/tests-devel/liGP.Rcheck/00install.out’ for details.
    * used C compiler: ‘gcc (GCC) 12.2.1 20221121 (Red Hat 12.2.1-4)’
Flavor: r-devel-linux-x86_64-fedora-gcc