CRAN Package Check Results for Package lgrExtra

Last updated on 2023-01-28 08:00:38 CET.

Flavor Version Tinstall Tcheck Ttotal Status Flags
r-devel-linux-x86_64-debian-clang 0.0.8 17.43 52.67 70.10 OK
r-devel-linux-x86_64-debian-gcc 0.0.8 11.98 40.28 52.26 OK
r-devel-linux-x86_64-fedora-clang 0.0.8 88.05 OK
r-devel-linux-x86_64-fedora-gcc 0.0.8 82.66 OK
r-devel-windows-x86_64 0.0.8 39.00 92.00 131.00 NOTE
r-patched-linux-x86_64 0.0.8 15.07 49.71 64.78 OK
r-release-linux-x86_64 0.0.8 15.07 49.40 64.47 OK
r-release-macos-arm64 0.0.8 27.00 OK
r-release-macos-x86_64 0.0.8 37.00 OK
r-release-windows-x86_64 0.0.8 41.00 95.00 136.00 NOTE
r-oldrel-macos-arm64 0.0.8 29.00 OK
r-oldrel-macos-x86_64 0.0.8 40.00 OK
r-oldrel-windows-ix86+x86_64 0.0.8 26.00 100.00 126.00 WARN

Check Details

Version: 0.0.8
Check: package dependencies
Result: NOTE
    Package suggested but not available for checking: 'rsyslog'
Flavors: r-devel-windows-x86_64, r-release-windows-x86_64, r-oldrel-windows-ix86+x86_64

Version: 0.0.8
Check: Rd cross-references
Result: NOTE
    Package unavailable to check Rd xrefs: 'rsyslog'
Flavor: r-oldrel-windows-ix86+x86_64

Version: 0.0.8
Check: for unstated dependencies in ‘tests’
Result: WARN
    Warning: unable to access index for repository https://bioconductor.org/packages/3.14/bioc/src/contrib:
     cannot open URL 'https://bioconductor.org/packages/3.14/bioc/src/contrib/PACKAGES'
    Warning: unable to access index for repository https://bioconductor.org/packages/3.14/data/annotation/src/contrib:
     cannot open URL 'https://bioconductor.org/packages/3.14/data/annotation/src/contrib/PACKAGES'
    Warning: unable to access index for repository https://bioconductor.org/packages/3.14/data/experiment/src/contrib:
     cannot open URL 'https://bioconductor.org/packages/3.14/data/experiment/src/contrib/PACKAGES'
Flavor: r-oldrel-windows-ix86+x86_64