CRAN Package Check Results for Package lg

Last updated on 2023-02-03 06:50:23 CET.

Flavor Version Tinstall Tcheck Ttotal Status Flags
r-devel-linux-x86_64-debian-clang 0.4.1 5.03 50.68 55.71 NOTE
r-devel-linux-x86_64-debian-gcc 0.4.1 4.30 37.70 42.00 NOTE
r-devel-linux-x86_64-fedora-clang 0.4.1 73.12 NOTE
r-devel-linux-x86_64-fedora-gcc 0.4.1 68.73 NOTE
r-devel-windows-x86_64 0.4.1 26.00 89.00 115.00 NOTE
r-patched-linux-x86_64 0.4.1 5.17 46.52 51.69 NOTE
r-release-linux-x86_64 0.4.1 4.37 47.01 51.38 NOTE
r-release-macos-arm64 0.4.1 20.00 NOTE
r-release-macos-x86_64 0.4.1 39.00 NOTE
r-release-windows-x86_64 0.4.1 22.00 81.00 103.00 NOTE
r-oldrel-macos-arm64 0.4.1 28.00 NOTE
r-oldrel-macos-x86_64 0.4.1 37.00 NOTE
r-oldrel-windows-ix86+x86_64 0.4.1 11.00 76.00 87.00 NOTE

Check Details

Version: 0.4.1
Check: LazyData
Result: NOTE
     'LazyData' is specified without a 'data' directory
Flavors: r-devel-linux-x86_64-debian-clang, r-devel-linux-x86_64-debian-gcc, r-devel-linux-x86_64-fedora-clang, r-devel-linux-x86_64-fedora-gcc, r-devel-windows-x86_64, r-patched-linux-x86_64, r-release-linux-x86_64, r-release-macos-arm64, r-release-macos-x86_64, r-release-windows-x86_64, r-oldrel-macos-arm64, r-oldrel-macos-x86_64, r-oldrel-windows-ix86+x86_64