Last updated on 2023-02-06 06:52:00 CET.
Flavor | Version | Tinstall | Tcheck | Ttotal | Status | Flags |
---|---|---|---|---|---|---|
r-devel-linux-x86_64-debian-clang | 1.1 | 41.62 | 200.19 | 241.81 | OK | |
r-devel-linux-x86_64-debian-gcc | 1.1 | 39.63 | 143.11 | 182.74 | OK | |
r-devel-linux-x86_64-fedora-clang | 1.1 | 305.92 | NOTE | |||
r-devel-linux-x86_64-fedora-gcc | 1.1 | 315.16 | NOTE | |||
r-devel-windows-x86_64 | 1.1 | 54.00 | 256.00 | 310.00 | OK | |
r-patched-linux-x86_64 | 1.1 | 35.79 | 187.69 | 223.48 | OK | |
r-release-linux-x86_64 | 1.1 | 38.83 | 183.46 | 222.29 | OK | |
r-release-macos-arm64 | 1.1 | 85.00 | NOTE | |||
r-release-macos-x86_64 | 1.1 | 164.00 | NOTE | |||
r-release-windows-x86_64 | 1.1 | 108.00 | 279.00 | 387.00 | OK | |
r-oldrel-macos-arm64 | 1.1 | 115.00 | NOTE | |||
r-oldrel-macos-x86_64 | 1.1 | 117.00 | NOTE | |||
r-oldrel-windows-ix86+x86_64 | 1.1 | 100.00 | 362.00 | 462.00 | OK |
Version: 1.1
Check: dependencies in R code
Result: NOTE
Namespaces in Imports field not imported from:
‘ggplot2’ ‘knitr’ ‘purrr’ ‘rmarkdown’
All declared Imports should be used.
Flavors: r-devel-linux-x86_64-fedora-clang, r-devel-linux-x86_64-fedora-gcc, r-release-macos-arm64, r-release-macos-x86_64, r-oldrel-macos-arm64, r-oldrel-macos-x86_64
Version: 1.1
Check: installed package size
Result: NOTE
installed size is 12.8Mb
sub-directories of 1Mb or more:
data 1.8Mb
libs 10.5Mb
Flavors: r-release-macos-arm64, r-release-macos-x86_64, r-oldrel-macos-arm64, r-oldrel-macos-x86_64