CRAN Package Check Results for Package lessR

Last updated on 2023-02-03 06:50:23 CET.

Flavor Version Tinstall Tcheck Ttotal Status Flags
r-devel-linux-x86_64-debian-clang 4.2.5 38.77 300.45 339.22 OK
r-devel-linux-x86_64-debian-gcc 4.2.5 30.92 219.05 249.97 OK
r-devel-linux-x86_64-fedora-clang 4.2.5 417.90 NOTE
r-devel-linux-x86_64-fedora-gcc 4.2.5 470.60 OK
r-devel-windows-x86_64 4.2.5 122.00 385.00 507.00 NOTE
r-patched-linux-x86_64 4.2.5 45.88 275.65 321.53 OK
r-release-linux-x86_64 4.2.5 35.78 259.41 295.19 OK
r-release-macos-arm64 4.2.5 112.00 NOTE
r-release-macos-x86_64 4.2.5 147.00 NOTE
r-release-windows-x86_64 4.2.5 113.00 395.00 508.00 NOTE
r-oldrel-macos-arm64 4.2.5 122.00 NOTE
r-oldrel-macos-x86_64 4.2.5 159.00 NOTE
r-oldrel-windows-ix86+x86_64 4.2.5 65.00 327.00 392.00 NOTE

Check Details

Version: 4.2.5
Check: installed package size
Result: NOTE
     installed size is 8.4Mb
     sub-directories of 1Mb or more:
     R 1.3Mb
     doc 5.8Mb
Flavors: r-devel-linux-x86_64-fedora-clang, r-devel-windows-x86_64, r-release-macos-arm64, r-release-macos-x86_64, r-release-windows-x86_64, r-oldrel-macos-arm64, r-oldrel-macos-x86_64, r-oldrel-windows-ix86+x86_64