Last updated on 2023-06-10 08:00:26 CEST.
Flavor | Version | Tinstall | Tcheck | Ttotal | Status | Flags |
---|---|---|---|---|---|---|
r-devel-linux-x86_64-debian-clang | 4.2.9 | 39.73 | 301.50 | 341.23 | OK | |
r-devel-linux-x86_64-debian-gcc | 4.2.9 | 30.60 | 220.80 | 251.40 | OK | |
r-devel-linux-x86_64-fedora-clang | 4.2.9 | 429.15 | NOTE | |||
r-devel-linux-x86_64-fedora-gcc | 4.2.9 | 436.51 | OK | |||
r-devel-windows-x86_64 | 4.2.9 | 35.00 | 256.00 | 291.00 | NOTE | |
r-patched-linux-x86_64 | 4.2.9 | 48.86 | 288.60 | 337.46 | OK | |
r-release-linux-x86_64 | 4.2.9 | 35.88 | 286.43 | 322.31 | OK | |
r-release-macos-arm64 | 4.2.9 | 105.00 | NOTE | |||
r-release-macos-x86_64 | 4.2.8 | 230.00 | NOTE | |||
r-release-windows-x86_64 | 4.2.9 | 45.00 | 317.00 | 362.00 | NOTE | |
r-oldrel-macos-arm64 | 4.2.9 | 104.00 | NOTE | |||
r-oldrel-macos-x86_64 | 4.2.9 | 143.00 | NOTE | |||
r-oldrel-windows-x86_64 | 4.2.9 | 46.00 | 318.00 | 364.00 | NOTE |
Version: 4.2.9
Check: installed package size
Result: NOTE
installed size is 8.6Mb
sub-directories of 1Mb or more:
R 1.3Mb
doc 5.9Mb
Flavors: r-devel-linux-x86_64-fedora-clang, r-devel-windows-x86_64, r-release-macos-arm64, r-release-windows-x86_64, r-oldrel-macos-arm64, r-oldrel-macos-x86_64, r-oldrel-windows-x86_64
Version: 4.2.8
Check: installed package size
Result: NOTE
installed size is 9.3Mb
sub-directories of 1Mb or more:
R 2.0Mb
doc 5.9Mb
Flavor: r-release-macos-x86_64