CRAN Package Check Results for Package leidenAlg

Last updated on 2025-06-19 08:48:26 CEST.

Flavor Version Tinstall Tcheck Ttotal Status Flags
r-devel-linux-x86_64-debian-clang 1.1.5 183.32 89.28 272.60 OK
r-devel-linux-x86_64-debian-gcc 1.1.5 134.33 64.92 199.25 OK
r-devel-windows-x86_64 1.1.5 293.00 115.00 408.00 OK
r-patched-linux-x86_64 1.1.5 198.74 81.90 280.64 OK
r-release-linux-x86_64 1.1.5 193.92 81.51 275.43 OK
r-release-macos-arm64 1.1.5 98.00 OK
r-release-macos-x86_64 1.1.5 151.00 OK
r-release-windows-x86_64 1.1.5 291.00 120.00 411.00 OK
r-oldrel-macos-arm64 1.1.5 121.00 NOTE
r-oldrel-macos-x86_64 1.1.5 145.00 NOTE
r-oldrel-windows-x86_64 1.1.5 368.00 141.00 509.00 NOTE

Check Details

Version: 1.1.5
Check: for GNU extensions in Makefiles
Result: NOTE GNU make is a SystemRequirements. Flavors: r-oldrel-macos-arm64, r-oldrel-macos-x86_64, r-oldrel-windows-x86_64