CRAN Package Check Results for Package lehdr

Last updated on 2023-02-01 07:53:07 CET.

Flavor Version Tinstall Tcheck Ttotal Status Flags
r-devel-linux-x86_64-debian-clang 1.0.1 5.06 151.28 156.34 OK
r-devel-linux-x86_64-debian-gcc 1.0.1 4.18 116.15 120.33 OK
r-devel-linux-x86_64-fedora-clang 1.0.1 191.22 NOTE
r-devel-linux-x86_64-fedora-gcc 1.0.1 211.81 NOTE
r-devel-windows-x86_64 1.0.1 16.00 297.00 313.00 OK
r-patched-linux-x86_64 1.0.1 4.47 154.65 159.12 OK
r-release-linux-x86_64 1.0.1 4.97 156.82 161.79 OK
r-release-macos-arm64 1.0.1 258.00 NOTE
r-release-macos-x86_64 1.0.1 336.00 NOTE
r-release-windows-x86_64 1.0.1 10.00 280.00 290.00 OK
r-oldrel-macos-arm64 1.0.1 246.00 NOTE
r-oldrel-macos-x86_64 1.0.1 277.00 NOTE
r-oldrel-windows-ix86+x86_64 1.0.1 14.00 269.00 283.00 OK

Check Details

Version: 1.0.1
Check: dependencies in R code
Result: NOTE
    Namespace in Imports field not imported from: ‘rlang’
     All declared Imports should be used.
Flavors: r-devel-linux-x86_64-fedora-clang, r-devel-linux-x86_64-fedora-gcc, r-release-macos-arm64, r-release-macos-x86_64, r-oldrel-macos-arm64, r-oldrel-macos-x86_64