CRAN Package Check Results for Package learningtower

Last updated on 2024-03-04 07:48:31 CET.

Flavor Version Tinstall Tcheck Ttotal Status Flags
r-devel-linux-x86_64-debian-clang 1.0.1 3.36 100.56 103.92 OK
r-devel-linux-x86_64-debian-gcc 1.0.1 4.14 81.12 85.26 OK
r-devel-linux-x86_64-fedora-clang 1.0.1 130.95 NOTE
r-devel-linux-x86_64-fedora-gcc 1.0.1 138.01 NOTE
r-devel-windows-x86_64 1.0.1 6.00 98.00 104.00 OK
r-patched-linux-x86_64 1.0.1 5.45 97.52 102.97 OK
r-release-linux-x86_64 1.0.1 3.40 98.62 102.02 OK
r-release-macos-arm64 1.0.1 68.00 OK
r-release-macos-x86_64 1.0.1 91.00 OK
r-release-windows-x86_64 1.0.1 8.00 117.00 125.00 OK
r-oldrel-macos-arm64 1.0.1 49.00 OK
r-oldrel-windows-x86_64 1.0.1 7.00 114.00 121.00 OK

Check Details

Version: 1.0.1
Check: data for non-ASCII characters
Result: NOTE Note: found 1 marked UTF-8 string Flavors: r-devel-linux-x86_64-fedora-clang, r-devel-linux-x86_64-fedora-gcc