Last updated on 2023-03-31 07:53:29 CEST.
Flavor | Version | Tinstall | Tcheck | Ttotal | Status | Flags |
---|---|---|---|---|---|---|
r-devel-linux-x86_64-debian-clang | 0.2.0 | 2.45 | 28.68 | 31.13 | NOTE | |
r-devel-linux-x86_64-debian-gcc | 0.2.0 | 2.46 | 22.20 | 24.66 | NOTE | |
r-devel-linux-x86_64-fedora-clang | 0.2.0 | 40.20 | NOTE | |||
r-devel-linux-x86_64-fedora-gcc | 0.2.0 | 38.03 | NOTE | |||
r-devel-windows-x86_64 | 0.2.0 | 7.00 | 0.00 | 7.00 | NOTE | |
r-patched-linux-x86_64 | 0.2.0 | 3.52 | 27.87 | 31.39 | NOTE | |
r-release-linux-x86_64 | 0.2.0 | 2.78 | 29.68 | 32.46 | NOTE | |
r-release-macos-arm64 | 0.2.0 | 17.00 | NOTE | |||
r-release-macos-x86_64 | 0.2.0 | 31.00 | NOTE | |||
r-release-windows-x86_64 | 0.2.0 | 9.00 | 60.00 | 69.00 | NOTE | |
r-oldrel-macos-arm64 | 0.2.0 | 21.00 | NOTE | |||
r-oldrel-macos-x86_64 | 0.2.0 | 26.00 | NOTE | |||
r-oldrel-windows-ix86+x86_64 | 0.2.0 | 9.00 | 56.00 | 65.00 | NOTE |
Version: 0.2.0
Check: LazyData
Result: NOTE
'LazyData' is specified without a 'data' directory
Flavors: r-devel-linux-x86_64-debian-clang, r-devel-linux-x86_64-debian-gcc, r-devel-linux-x86_64-fedora-clang, r-devel-linux-x86_64-fedora-gcc, r-devel-windows-x86_64, r-patched-linux-x86_64, r-release-linux-x86_64, r-release-macos-arm64, r-release-macos-x86_64, r-release-windows-x86_64, r-oldrel-macos-arm64, r-oldrel-macos-x86_64, r-oldrel-windows-ix86+x86_64