CRAN Package Check Results for Package leaftime

Last updated on 2024-06-15 07:49:16 CEST.

Flavor Version Tinstall Tcheck Ttotal Status Flags
r-devel-linux-x86_64-debian-clang 0.2.0 2.03 27.96 29.99 NOTE
r-devel-linux-x86_64-debian-gcc 0.2.0 2.60 22.51 25.11 NOTE
r-devel-linux-x86_64-fedora-clang 0.2.0 40.54 NOTE
r-devel-linux-x86_64-fedora-gcc 0.2.0 37.87 NOTE
r-devel-windows-x86_64 0.2.0 4.00 43.00 47.00 NOTE
r-patched-linux-x86_64 0.2.0 3.03 27.51 30.54 NOTE
r-release-linux-x86_64 0.2.0 3.04 27.49 30.53 NOTE
r-release-macos-arm64 0.2.0 17.00 NOTE
r-release-macos-x86_64 0.2.0 24.00 NOTE
r-release-windows-x86_64 0.2.0 5.00 46.00 51.00 NOTE
r-oldrel-macos-arm64 0.2.0 18.00 NOTE
r-oldrel-macos-x86_64 0.2.0 24.00 NOTE
r-oldrel-windows-x86_64 0.2.0 5.00 50.00 55.00 NOTE

Check Details

Version: 0.2.0
Check: LazyData
Result: NOTE 'LazyData' is specified without a 'data' directory Flavors: r-devel-linux-x86_64-debian-clang, r-devel-linux-x86_64-debian-gcc, r-devel-linux-x86_64-fedora-clang, r-devel-linux-x86_64-fedora-gcc, r-devel-windows-x86_64, r-patched-linux-x86_64, r-release-linux-x86_64, r-release-macos-arm64, r-release-macos-x86_64, r-release-windows-x86_64, r-oldrel-macos-arm64, r-oldrel-macos-x86_64, r-oldrel-windows-x86_64