CRAN Package Check Results for Package leaftime

Last updated on 2023-10-02 07:56:30 CEST.

Flavor Version Tinstall Tcheck Ttotal Status Flags
r-devel-linux-x86_64-debian-clang 0.2.0 3.43 28.17 31.60 NOTE
r-devel-linux-x86_64-debian-gcc 0.2.0 2.51 22.29 24.80 NOTE
r-devel-linux-x86_64-fedora-clang 0.2.0 40.20 NOTE
r-devel-linux-x86_64-fedora-gcc 0.2.0 40.51 NOTE
r-devel-windows-x86_64 0.2.0 5.00 44.00 49.00 NOTE
r-patched-linux-x86_64 0.2.0 2.54 28.56 31.10 NOTE
r-release-linux-x86_64 0.2.0 2.21 28.60 30.81 NOTE
r-release-macos-arm64 0.2.0 18.00 NOTE
r-release-macos-x86_64 0.2.0 24.00 NOTE
r-release-windows-x86_64 0.2.0 7.00 46.00 53.00 NOTE
r-oldrel-macos-arm64 0.2.0 17.00 NOTE
r-oldrel-macos-x86_64 0.2.0 31.00 NOTE
r-oldrel-windows-x86_64 0.2.0 6.00 48.00 54.00 NOTE

Check Details

Version: 0.2.0
Check: LazyData
Result: NOTE
     'LazyData' is specified without a 'data' directory
Flavors: r-devel-linux-x86_64-debian-clang, r-devel-linux-x86_64-debian-gcc, r-devel-linux-x86_64-fedora-clang, r-devel-linux-x86_64-fedora-gcc, r-devel-windows-x86_64, r-patched-linux-x86_64, r-release-linux-x86_64, r-release-macos-arm64, r-release-macos-x86_64, r-release-windows-x86_64, r-oldrel-macos-arm64, r-oldrel-macos-x86_64, r-oldrel-windows-x86_64