CRAN Package Check Results for Package leaflet.multiopacity

Last updated on 2022-10-01 07:55:05 CEST.

Flavor Version Tinstall Tcheck Ttotal Status Flags
r-devel-linux-x86_64-debian-clang 0.1.1 1.94 52.99 54.93 NOTE
r-devel-linux-x86_64-debian-gcc 0.1.1 1.67 39.76 41.43 NOTE
r-devel-linux-x86_64-fedora-clang 0.1.1 78.53 NOTE
r-devel-linux-x86_64-fedora-gcc 0.1.1 72.44 NOTE
r-devel-windows-x86_64 0.1.1 77.00 91.00 168.00 NOTE
r-patched-linux-x86_64 0.1.1 2.35 50.42 52.77 NOTE
r-release-linux-x86_64 0.1.1 2.15 49.17 51.32 NOTE
r-release-macos-arm64 0.1.1 24.00 NOTE
r-release-macos-x86_64 0.1.1 34.00 NOTE
r-release-windows-x86_64 0.1.1 71.00 85.00 156.00 NOTE
r-oldrel-macos-arm64 0.1.1 87.00 NOTE
r-oldrel-macos-x86_64 0.1.1 35.00 NOTE
r-oldrel-windows-ix86+x86_64 0.1.1 6.00 80.00 86.00 NOTE

Check Details

Version: 0.1.1
Check: LazyData
Result: NOTE
     'LazyData' is specified without a 'data' directory
Flavors: r-devel-linux-x86_64-debian-clang, r-devel-linux-x86_64-debian-gcc, r-devel-linux-x86_64-fedora-clang, r-devel-linux-x86_64-fedora-gcc, r-devel-windows-x86_64, r-patched-linux-x86_64, r-release-linux-x86_64, r-release-macos-arm64, r-release-macos-x86_64, r-release-windows-x86_64, r-oldrel-macos-arm64, r-oldrel-macos-x86_64, r-oldrel-windows-ix86+x86_64