Last updated on 2023-12-06 07:50:18 CET.
Flavor | Version | Tinstall | Tcheck | Ttotal | Status | Flags |
---|---|---|---|---|---|---|
r-devel-linux-x86_64-debian-clang | 1.0.0 | 2.61 | 30.66 | 33.27 | NOTE | |
r-devel-linux-x86_64-debian-gcc | 1.0.0 | 3.27 | 23.96 | 27.23 | NOTE | |
r-devel-linux-x86_64-fedora-clang | 1.0.0 | 45.24 | NOTE | |||
r-devel-linux-x86_64-fedora-gcc | 1.0.0 | 41.59 | NOTE | |||
r-devel-windows-x86_64 | 1.0.0 | 6.00 | 47.00 | 53.00 | NOTE | |
r-patched-linux-x86_64 | 1.0.0 | 8.76 | 31.14 | 39.90 | NOTE | |
r-release-linux-x86_64 | 1.0.0 | 2.60 | 30.31 | 32.91 | NOTE | |
r-release-macos-arm64 | 1.0.0 | 18.00 | NOTE | |||
r-release-macos-x86_64 | 1.0.0 | 27.00 | NOTE | |||
r-release-windows-x86_64 | 1.0.0 | 8.00 | 50.00 | 58.00 | NOTE | |
r-oldrel-macos-arm64 | 1.0.0 | 16.00 | NOTE | |||
r-oldrel-macos-x86_64 | 1.0.0 | 34.00 | NOTE | |||
r-oldrel-windows-x86_64 | 1.0.0 | 6.00 | 51.00 | 57.00 | NOTE |
Version: 1.0.0
Check: Rd files
Result: NOTE
checkRd: (-1) dynamicMapLayerOptions.Rd:23: Lost braces; missing escapes or markup?
23 | \item{layerDefs}{A string representing a query to run against the service before the image is rendered. This can be a string like "3:STATE_NAME="Kansas"" or an object mapping different queries to specific layers {3:"STATE_NAME="Kansas"", 2:"POP2007>25000"}.}
| ^
checkRd: (-1) featureLayerOptions.Rd:35: Lost braces; missing escapes or markup?
35 | Can be an object like {start:"startTime", end:"endTime"} or a string like "created".}
| ^
Flavors: r-devel-linux-x86_64-debian-clang, r-devel-linux-x86_64-debian-gcc
Version: 1.0.0
Check: LazyData
Result: NOTE
'LazyData' is specified without a 'data' directory
Flavors: r-devel-linux-x86_64-debian-clang, r-devel-linux-x86_64-debian-gcc, r-devel-linux-x86_64-fedora-clang, r-devel-linux-x86_64-fedora-gcc, r-devel-windows-x86_64, r-patched-linux-x86_64, r-release-linux-x86_64, r-release-macos-arm64, r-release-macos-x86_64, r-release-windows-x86_64, r-oldrel-macos-arm64, r-oldrel-macos-x86_64, r-oldrel-windows-x86_64