CRAN Package Check Results for Package lcyanalysis

Last updated on 2023-02-06 06:52:00 CET.

Flavor Version Tinstall Tcheck Ttotal Status Flags
r-devel-linux-x86_64-debian-clang 1.0.4 6.88 46.55 53.43 NOTE
r-devel-linux-x86_64-debian-gcc 1.0.4 5.85 35.59 41.44 NOTE
r-devel-linux-x86_64-fedora-clang 1.0.4 67.68 NOTE
r-devel-linux-x86_64-fedora-gcc 1.0.4 66.21 NOTE
r-devel-windows-x86_64 1.0.4 18.00 72.00 90.00 NOTE
r-patched-linux-x86_64 1.0.4 7.85 44.75 52.60 NOTE
r-release-linux-x86_64 1.0.4 7.72 46.37 54.09 NOTE
r-release-macos-arm64 1.0.4 23.00 NOTE
r-release-macos-x86_64 1.0.4 32.00 NOTE
r-release-windows-x86_64 1.0.4 17.00 75.00 92.00 NOTE
r-oldrel-macos-arm64 1.0.4 26.00 NOTE
r-oldrel-macos-x86_64 1.0.4 41.00 NOTE
r-oldrel-windows-ix86+x86_64 1.0.4 13.00 72.00 85.00 NOTE

Check Details

Version: 1.0.4
Check: LazyData
Result: NOTE
     'LazyData' is specified without a 'data' directory
Flavors: r-devel-linux-x86_64-debian-clang, r-devel-linux-x86_64-debian-gcc, r-devel-linux-x86_64-fedora-clang, r-devel-linux-x86_64-fedora-gcc, r-devel-windows-x86_64, r-patched-linux-x86_64, r-release-linux-x86_64, r-release-macos-arm64, r-release-macos-x86_64, r-release-windows-x86_64, r-oldrel-macos-arm64, r-oldrel-macos-x86_64, r-oldrel-windows-ix86+x86_64