CRAN Package Check Results for Package lazysf

Last updated on 2023-02-06 06:52:00 CET.

Flavor Version Tinstall Tcheck Ttotal Status Flags
r-devel-linux-x86_64-debian-clang 0.1.0 8.72 68.89 77.61 NOTE
r-devel-linux-x86_64-debian-gcc 0.1.0 6.49 50.35 56.84 NOTE
r-devel-linux-x86_64-fedora-clang 0.1.0 95.83 NOTE
r-devel-linux-x86_64-fedora-gcc 0.1.0 100.81 NOTE
r-devel-windows-x86_64 0.1.0 36.00 92.00 128.00 NOTE
r-patched-linux-x86_64 0.1.0 11.83 65.59 77.42 NOTE
r-release-linux-x86_64 0.1.0 8.50 66.42 74.92 NOTE
r-release-macos-arm64 0.1.0 29.00 NOTE
r-release-macos-x86_64 0.1.0 54.00 NOTE
r-release-windows-x86_64 0.1.0 21.00 102.00 123.00 NOTE
r-oldrel-macos-arm64 0.1.0 36.00 NOTE
r-oldrel-macos-x86_64 0.1.0 52.00 NOTE
r-oldrel-windows-ix86+x86_64 0.1.0 22.00 90.00 112.00 NOTE

Check Details

Version: 0.1.0
Check: LazyData
Result: NOTE
     'LazyData' is specified without a 'data' directory
Flavors: r-devel-linux-x86_64-debian-clang, r-devel-linux-x86_64-debian-gcc, r-devel-linux-x86_64-fedora-clang, r-devel-linux-x86_64-fedora-gcc, r-devel-windows-x86_64, r-patched-linux-x86_64, r-release-linux-x86_64, r-release-macos-arm64, r-release-macos-x86_64, r-release-windows-x86_64, r-oldrel-macos-arm64, r-oldrel-macos-x86_64, r-oldrel-windows-ix86+x86_64