CRAN Package Check Results for Package lazybar

Last updated on 2023-01-30 09:54:15 CET.

Flavor Version Tinstall Tcheck Ttotal Status Flags
r-devel-linux-x86_64-debian-clang 0.1.0 3.03 20.03 23.06 NOTE
r-devel-linux-x86_64-debian-gcc 0.1.0 2.18 15.76 17.94 NOTE
r-devel-linux-x86_64-fedora-clang 0.1.0 29.42 NOTE
r-devel-linux-x86_64-fedora-gcc 0.1.0 27.65 NOTE
r-devel-windows-x86_64 0.1.0 12.00 49.00 61.00 NOTE
r-patched-linux-x86_64 0.1.0 2.44 20.48 22.92 NOTE
r-release-linux-x86_64 0.1.0 2.34 20.62 22.96 NOTE
r-release-macos-arm64 0.1.0 15.00 NOTE
r-release-macos-x86_64 0.1.0 19.00 NOTE
r-release-windows-x86_64 0.1.0 7.00 50.00 57.00 NOTE
r-oldrel-macos-arm64 0.1.0 16.00 NOTE
r-oldrel-macos-x86_64 0.1.0 24.00 NOTE
r-oldrel-windows-ix86+x86_64 0.1.0 6.00 44.00 50.00 NOTE

Check Details

Version: 0.1.0
Check: LazyData
Result: NOTE
     'LazyData' is specified without a 'data' directory
Flavors: r-devel-linux-x86_64-debian-clang, r-devel-linux-x86_64-debian-gcc, r-devel-linux-x86_64-fedora-clang, r-devel-linux-x86_64-fedora-gcc, r-devel-windows-x86_64, r-patched-linux-x86_64, r-release-linux-x86_64, r-release-macos-arm64, r-release-macos-x86_64, r-release-windows-x86_64, r-oldrel-macos-arm64, r-oldrel-macos-x86_64, r-oldrel-windows-ix86+x86_64

Version: 0.1.0
Check: dependencies in R code
Result: NOTE
    Namespace in Imports field not imported from: ‘R6’
     All declared Imports should be used.
Flavors: r-devel-linux-x86_64-fedora-clang, r-devel-linux-x86_64-fedora-gcc, r-release-macos-arm64, r-release-macos-x86_64, r-oldrel-macos-arm64, r-oldrel-macos-x86_64