Last updated on 2023-09-21 07:54:57 CEST.
Flavor | Version | Tinstall | Tcheck | Ttotal | Status | Flags |
---|---|---|---|---|---|---|
r-devel-linux-x86_64-debian-clang | 0.1.8 | 4.29 | 105.99 | 110.28 | OK | |
r-devel-linux-x86_64-debian-gcc | 0.1.8 | 2.35 | 76.88 | 79.23 | OK | |
r-devel-linux-x86_64-fedora-clang | 0.1.8 | 130.32 | OK | |||
r-devel-linux-x86_64-fedora-gcc | 0.1.8 | 144.26 | OK | |||
r-devel-windows-x86_64 | 0.1.8 | 7.00 | 106.00 | 113.00 | OK | |
r-patched-linux-x86_64 | 0.1.8 | 3.96 | 99.06 | 103.02 | OK | |
r-release-linux-x86_64 | 0.1.8 | 3.48 | 61.32 | 64.80 | NOTE | |
r-release-macos-arm64 | 0.1.8 | 44.00 | OK | |||
r-release-macos-x86_64 | 0.1.8 | 127.00 | OK | |||
r-release-windows-x86_64 | 0.1.8 | 6.00 | 121.00 | 127.00 | OK | |
r-oldrel-macos-arm64 | 0.1.8 | 40.00 | OK | |||
r-oldrel-macos-x86_64 | 0.1.8 | 57.00 | OK | |||
r-oldrel-windows-x86_64 | 0.1.8 | 7.00 | 125.00 | 132.00 | OK |
Version: 0.1.8
Check: package dependencies
Result: NOTE
Package suggested but not available for checking: ‘tidySEM’
Flavor: r-release-linux-x86_64