CRAN Package Check Results for Package latticeExtra

Last updated on 2022-12-03 07:56:38 CET.

Flavor Version Tinstall Tcheck Ttotal Status Flags
r-devel-linux-x86_64-debian-clang 0.6-30 8.68 100.04 108.72 OK
r-devel-linux-x86_64-debian-gcc 0.6-30 6.45 75.26 81.71 OK
r-devel-linux-x86_64-fedora-clang 0.6-30 149.19 NOTE
r-devel-linux-x86_64-fedora-gcc 0.6-30 146.31 OK
r-devel-windows-x86_64 0.6-30 64.00 141.00 205.00 OK
r-patched-linux-x86_64 0.6-30 8.03 92.61 100.64 OK
r-release-linux-x86_64 0.6-30 6.24 94.89 101.13 OK
r-release-macos-arm64 0.6-30 40.00 OK
r-release-macos-x86_64 0.6-30 54.00 OK
r-release-windows-x86_64 0.6-30 94.00 144.00 238.00 OK
r-oldrel-macos-arm64 0.6-30 41.00 OK
r-oldrel-macos-x86_64 0.6-30 52.00 OK
r-oldrel-windows-ix86+x86_64 0.6-30 16.00 132.00 148.00 OK

Check Details

Version: 0.6-30
Check: Rd cross-references
Result: NOTE
    Undeclared package ‘ggplot2’ in Rd xrefs
Flavor: r-devel-linux-x86_64-fedora-clang