Last updated on 2023-06-08 07:59:01 CEST.
Flavor | Version | Tinstall | Tcheck | Ttotal | Status | Flags |
---|---|---|---|---|---|---|
r-devel-linux-x86_64-debian-clang | 0.21-8 | 20.30 | 201.38 | 221.68 | OK | |
r-devel-linux-x86_64-debian-gcc | 0.21-8 | 11.07 | 154.33 | 165.40 | OK | |
r-devel-linux-x86_64-fedora-clang | 0.21-8 | 273.16 | NOTE | |||
r-devel-linux-x86_64-fedora-gcc | 0.21-8 | 283.48 | OK | |||
r-devel-windows-x86_64 | 0.21-8 | 23.00 | 187.00 | 210.00 | OK | |
r-patched-linux-x86_64 | 0.21-8 | 22.47 | 192.71 | 215.18 | OK | |
r-release-linux-x86_64 | 0.21-8 | 17.34 | 194.65 | 211.99 | OK | |
r-release-macos-arm64 | 0.21-8 | 81.00 | OK | |||
r-release-macos-x86_64 | 0.21-8 | 163.00 | OK | |||
r-release-windows-x86_64 | 0.21-8 | 22.00 | 226.00 | 248.00 | OK | |
r-oldrel-macos-arm64 | 0.21-8 | 97.00 | OK | |||
r-oldrel-macos-x86_64 | 0.21-8 | 117.00 | OK | |||
r-oldrel-windows-x86_64 | 0.21-8 | 26.00 | 216.00 | 242.00 | OK |
Version: 0.21-8
Check: Rd cross-references
Result: NOTE
Undeclared package ‘zoo’ in Rd xrefs
Flavor: r-devel-linux-x86_64-fedora-clang