Last updated on 2023-01-27 07:50:35 CET.
Flavor | Version | Tinstall | Tcheck | Ttotal | Status | Flags |
---|---|---|---|---|---|---|
r-devel-linux-x86_64-debian-clang | 1.1 | 35.17 | 81.60 | 116.77 | OK | |
r-devel-linux-x86_64-debian-gcc | 1.1 | 29.67 | 62.71 | 92.38 | NOTE | |
r-devel-linux-x86_64-fedora-clang | 1.1 | 162.29 | OK | |||
r-devel-linux-x86_64-fedora-gcc | 1.1 | 155.27 | NOTE | |||
r-devel-windows-x86_64 | 1.1 | 52.00 | 123.00 | 175.00 | OK | |
r-patched-linux-x86_64 | 1.1 | 33.31 | 79.47 | 112.78 | OK | |
r-release-linux-x86_64 | 1.1 | 32.16 | 78.44 | 110.60 | OK | |
r-release-macos-arm64 | 1.1 | 41.00 | OK | |||
r-release-macos-x86_64 | 1.1 | 58.00 | OK | |||
r-release-windows-x86_64 | 1.1 | 44.00 | 138.00 | 182.00 | OK | |
r-oldrel-macos-arm64 | 1.1 | 49.00 | OK | |||
r-oldrel-macos-x86_64 | 1.1 | 61.00 | OK | |||
r-oldrel-windows-ix86+x86_64 | 1.1 | 89.00 | 154.00 | 243.00 | OK |
Version: 1.1
Check: C++ specification
Result: NOTE
Specified C++11: please update to current default of C++17
Flavors: r-devel-linux-x86_64-debian-gcc, r-devel-linux-x86_64-fedora-gcc