CRAN Package Check Results for Package languagelayeR

Last updated on 2023-01-29 07:56:07 CET.

Flavor Version Tinstall Tcheck Ttotal Status Flags
r-devel-linux-x86_64-debian-clang 1.2.4 1.75 31.97 33.72 NOTE
r-devel-linux-x86_64-debian-gcc 1.2.4 2.00 25.18 27.18 NOTE
r-devel-linux-x86_64-fedora-clang 1.2.4 44.23 NOTE
r-devel-linux-x86_64-fedora-gcc 1.2.4 53.68 NOTE
r-devel-windows-x86_64 1.2.4 21.00 66.00 87.00 NOTE
r-patched-linux-x86_64 1.2.4 2.37 32.69 35.06 NOTE
r-release-linux-x86_64 1.2.4 2.69 32.53 35.22 NOTE
r-release-macos-arm64 1.2.4 19.00 NOTE
r-release-macos-x86_64 1.2.4 28.00 NOTE
r-release-windows-x86_64 1.2.4 19.00 67.00 86.00 NOTE
r-oldrel-macos-arm64 1.2.4 25.00 NOTE
r-oldrel-macos-x86_64 1.2.4 27.00 NOTE
r-oldrel-windows-ix86+x86_64 1.2.4 7.00 61.00 68.00 NOTE

Check Details

Version: 1.2.4
Check: LazyData
Result: NOTE
     'LazyData' is specified without a 'data' directory
Flavors: r-devel-linux-x86_64-debian-clang, r-devel-linux-x86_64-debian-gcc, r-devel-linux-x86_64-fedora-clang, r-devel-linux-x86_64-fedora-gcc, r-devel-windows-x86_64, r-patched-linux-x86_64, r-release-linux-x86_64, r-release-macos-arm64, r-release-macos-x86_64, r-release-windows-x86_64, r-oldrel-macos-arm64, r-oldrel-macos-x86_64, r-oldrel-windows-ix86+x86_64