CRAN Package Check Results for Package landscapeR

Last updated on 2023-03-30 06:53:18 CEST.

Flavor Version Tinstall Tcheck Ttotal Status Flags
r-devel-linux-x86_64-debian-clang 1.2 16.72 69.12 85.84 NOTE
r-devel-linux-x86_64-debian-gcc 1.2 15.86 54.41 70.27 NOTE
r-devel-linux-x86_64-fedora-clang 1.2 121.95 NOTE
r-devel-linux-x86_64-fedora-gcc 1.2 121.33 NOTE
r-devel-windows-x86_64 1.2 31.00 0.00 31.00 NOTE
r-patched-linux-x86_64 1.2 17.01 67.66 84.67 NOTE
r-release-linux-x86_64 1.2 15.75 69.43 85.18 NOTE
r-release-macos-arm64 1.2 34.00 NOTE
r-release-macos-x86_64 1.2 45.00 NOTE
r-release-windows-x86_64 1.2 32.00 117.00 149.00 NOTE
r-oldrel-macos-arm64 1.2 29.00 NOTE
r-oldrel-macos-x86_64 1.2 53.00 NOTE
r-oldrel-windows-ix86+x86_64 1.2 50.00 132.00 182.00 NOTE

Check Details

Version: 1.2
Check: LazyData
Result: NOTE
     'LazyData' is specified without a 'data' directory
Flavors: r-devel-linux-x86_64-debian-clang, r-devel-linux-x86_64-debian-gcc, r-devel-linux-x86_64-fedora-clang, r-devel-linux-x86_64-fedora-gcc, r-devel-windows-x86_64, r-patched-linux-x86_64, r-release-linux-x86_64, r-release-macos-arm64, r-release-macos-x86_64, r-release-windows-x86_64, r-oldrel-macos-arm64, r-oldrel-macos-x86_64, r-oldrel-windows-ix86+x86_64