Last updated on 2023-01-27 07:50:35 CET.
Flavor | Version | Tinstall | Tcheck | Ttotal | Status | Flags |
---|---|---|---|---|---|---|
r-devel-linux-x86_64-debian-clang | 1.0-1 | 10.98 | 127.67 | 138.65 | OK | |
r-devel-linux-x86_64-debian-gcc | 1.0-1 | 9.58 | 97.58 | 107.16 | OK | |
r-devel-linux-x86_64-fedora-clang | 1.0-1 | 171.58 | NOTE | |||
r-devel-linux-x86_64-fedora-gcc | 1.0-1 | 169.89 | OK | |||
r-devel-windows-x86_64 | 1.0-1 | 19.00 | 147.00 | 166.00 | NOTE | |
r-patched-linux-x86_64 | 1.0-1 | 10.26 | 124.96 | 135.22 | OK | |
r-release-linux-x86_64 | 1.0-1 | 11.13 | 125.59 | 136.72 | OK | |
r-release-macos-arm64 | 1.0-1 | 90.00 | NOTE | |||
r-release-macos-x86_64 | 1.0-1 | 141.00 | NOTE | |||
r-release-windows-x86_64 | 1.0-1 | 34.00 | 149.00 | 183.00 | NOTE | |
r-oldrel-macos-arm64 | 1.0-1 | 73.00 | NOTE | |||
r-oldrel-macos-x86_64 | 1.0-1 | 97.00 | NOTE | |||
r-oldrel-windows-ix86+x86_64 | 1.0-1 | 31.00 | 151.00 | 182.00 | NOTE |
Version: 1.0-1
Check: installed package size
Result: NOTE
installed size is 8.4Mb
sub-directories of 1Mb or more:
data 8.3Mb
Flavors: r-devel-linux-x86_64-fedora-clang, r-devel-windows-x86_64, r-release-macos-arm64, r-release-macos-x86_64, r-release-windows-x86_64, r-oldrel-macos-arm64, r-oldrel-macos-x86_64, r-oldrel-windows-ix86+x86_64
Version: 1.0-1
Check: Rd cross-references
Result: NOTE
Undeclared package ‘spdep’ in Rd xrefs
Flavor: r-devel-linux-x86_64-fedora-clang