Last updated on 2023-01-28 08:00:37 CET.
Flavor | Version | Tinstall | Tcheck | Ttotal | Status | Flags |
---|---|---|---|---|---|---|
r-devel-linux-x86_64-debian-clang | 0.3-0 | 5.60 | 49.10 | 54.70 | NOTE | |
r-devel-linux-x86_64-debian-gcc | 0.4-0 | 4.11 | 39.15 | 43.26 | OK | |
r-devel-linux-x86_64-fedora-clang | 0.4-0 | 76.18 | OK | |||
r-devel-linux-x86_64-fedora-gcc | 0.4-0 | 82.91 | OK | |||
r-devel-windows-x86_64 | 0.4-0 | 17.00 | 101.00 | 118.00 | OK | |
r-patched-linux-x86_64 | 0.3-0 | 5.72 | 49.02 | 54.74 | NOTE | |
r-release-linux-x86_64 | 0.3-0 | 4.91 | 48.87 | 53.78 | NOTE | |
r-release-macos-arm64 | 0.4-0 | 25.00 | OK | |||
r-release-macos-x86_64 | 0.3-0 | 33.00 | OK | |||
r-release-windows-x86_64 | 0.4-0 | 21.00 | 113.00 | 134.00 | OK | |
r-oldrel-macos-arm64 | 0.4-0 | 30.00 | OK | |||
r-oldrel-macos-x86_64 | 0.3-0 | 46.00 | OK | |||
r-oldrel-windows-ix86+x86_64 | 0.4-0 | 10.00 | 84.00 | 94.00 | OK |
Version: 0.3-0
Check: Rd files
Result: NOTE
checkRd: (-1) kstIO-package.Rd:39: Escaped LaTeX specials: \&
checkRd: (-1) read_kbase.Rd:46: Escaped LaTeX specials: \&
checkRd: (-1) read_kdata.Rd:43: Escaped LaTeX specials: \&
checkRd: (-1) read_kfamset.Rd:48: Escaped LaTeX specials: \&
checkRd: (-1) read_kspace.Rd:51: Escaped LaTeX specials: \&
checkRd: (-1) read_kstructure.Rd:45: Escaped LaTeX specials: \&
checkRd: (-1) read_surmiserelation.Rd:50: Escaped LaTeX specials: \&
checkRd: (-1) write_kbase.Rd:36: Escaped LaTeX specials: \&
checkRd: (-1) write_kdata.Rd:35: Escaped LaTeX specials: \&
checkRd: (-1) write_kspace.Rd:36: Escaped LaTeX specials: \&
checkRd: (-1) write_kstructure.Rd:36: Escaped LaTeX specials: \&
checkRd: (-1) write_surmiserelation.Rd:36: Escaped LaTeX specials: \&
Flavor: r-devel-linux-x86_64-debian-clang
Version: 0.3-0
Check: for non-standard things in the check directory
Result: NOTE
Found the following files/directories:
‘DF7.bas’ ‘DF7.dat’ ‘DF7.rel’ ‘DF7.spc’ ‘DF7.struct’
Flavors: r-devel-linux-x86_64-debian-clang, r-patched-linux-x86_64, r-release-linux-x86_64