CRAN Package Check Results for Package kosel

Last updated on 2023-02-03 06:50:22 CET.

Flavor Version Tinstall Tcheck Ttotal Status Flags
r-devel-linux-x86_64-debian-clang 0.0.1 7.41 77.76 85.17 NOTE
r-devel-linux-x86_64-debian-gcc 0.0.1 5.85 57.72 63.57 NOTE
r-devel-linux-x86_64-fedora-clang 0.0.1 105.65 NOTE
r-devel-linux-x86_64-fedora-gcc 0.0.1 106.46 NOTE
r-devel-windows-x86_64 0.0.1 13.00 105.00 118.00 NOTE
r-patched-linux-x86_64 0.0.1 8.52 75.39 83.91 NOTE
r-release-linux-x86_64 0.0.1 8.89 75.75 84.64 NOTE
r-release-macos-arm64 0.0.1 29.00 NOTE
r-release-macos-x86_64 0.0.1 44.00 NOTE
r-release-windows-x86_64 0.0.1 12.00 106.00 118.00 NOTE
r-oldrel-macos-arm64 0.0.1 35.00 NOTE
r-oldrel-macos-x86_64 0.0.1 47.00 NOTE
r-oldrel-windows-ix86+x86_64 0.0.1 18.00 102.00 120.00 NOTE

Check Details

Version: 0.0.1
Check: LazyData
Result: NOTE
     'LazyData' is specified without a 'data' directory
Flavors: r-devel-linux-x86_64-debian-clang, r-devel-linux-x86_64-debian-gcc, r-devel-linux-x86_64-fedora-clang, r-devel-linux-x86_64-fedora-gcc, r-devel-windows-x86_64, r-patched-linux-x86_64, r-release-linux-x86_64, r-release-macos-arm64, r-release-macos-x86_64, r-release-windows-x86_64, r-oldrel-macos-arm64, r-oldrel-macos-x86_64, r-oldrel-windows-ix86+x86_64