Last updated on 2023-01-31 07:54:15 CET.
Flavor | Version | Tinstall | Tcheck | Ttotal | Status | Flags |
---|---|---|---|---|---|---|
r-devel-linux-x86_64-debian-clang | 0.13-8 | 23.33 | 188.55 | 211.88 | NOTE | |
r-devel-linux-x86_64-debian-gcc | 0.13-8 | 20.35 | 136.42 | 156.77 | NOTE | |
r-devel-linux-x86_64-fedora-clang | 0.13-8 | 260.86 | NOTE | |||
r-devel-linux-x86_64-fedora-gcc | 0.13-8 | 269.04 | NOTE | |||
r-devel-windows-x86_64 | 0.13-8 | 119.00 | 264.00 | 383.00 | NOTE | |
r-patched-linux-x86_64 | 0.13-8 | 25.75 | 167.44 | 193.19 | NOTE | |
r-release-linux-x86_64 | 0.13-8 | 22.77 | 169.72 | 192.49 | NOTE | |
r-release-macos-arm64 | 0.13-8 | 63.00 | NOTE | |||
r-release-macos-x86_64 | 0.13-8 | 98.00 | NOTE | |||
r-release-windows-x86_64 | 0.13-8 | 144.00 | 240.00 | 384.00 | NOTE | |
r-oldrel-macos-arm64 | 0.13-8 | 74.00 | NOTE | |||
r-oldrel-macos-x86_64 | 0.13-8 | 130.00 | NOTE | |||
r-oldrel-windows-ix86+x86_64 | 0.13-8 | 48.00 | 225.00 | 273.00 | NOTE |
Version: 0.13-8
Check: package dependencies
Result: NOTE
Packages suggested but not available for checking:
'koRpus.lang.de', 'koRpus.lang.es', 'koRpus.lang.fr',
'koRpus.lang.it', 'koRpus.lang.nl', 'koRpus.lang.pt',
'koRpus.lang.ru'
Package which this enhances but not available for checking: ‘rkward’
Flavors: r-devel-linux-x86_64-debian-clang, r-devel-linux-x86_64-debian-gcc, r-devel-linux-x86_64-fedora-clang, r-devel-linux-x86_64-fedora-gcc, r-devel-windows-x86_64, r-patched-linux-x86_64, r-release-linux-x86_64, r-release-macos-arm64, r-release-macos-x86_64, r-release-windows-x86_64, r-oldrel-macos-arm64, r-oldrel-macos-x86_64, r-oldrel-windows-ix86+x86_64