Last updated on 2023-02-01 07:53:07 CET.
Flavor | Version | Tinstall | Tcheck | Ttotal | Status | Flags |
---|---|---|---|---|---|---|
r-devel-linux-x86_64-debian-clang | 0.4.4 | 4.66 | 50.57 | 55.23 | NOTE | |
r-devel-linux-x86_64-debian-gcc | 0.4.4 | 4.10 | 37.41 | 41.51 | NOTE | |
r-devel-linux-x86_64-fedora-clang | 0.4.4 | 75.76 | NOTE | |||
r-devel-linux-x86_64-fedora-gcc | 0.4.4 | 72.73 | NOTE | |||
r-devel-windows-x86_64 | 0.4.4 | 17.00 | 82.00 | 99.00 | NOTE | |
r-patched-linux-x86_64 | 0.4.4 | 5.10 | 55.98 | 61.08 | NOTE | |
r-release-linux-x86_64 | 0.4.4 | 3.77 | 55.23 | 59.00 | NOTE | |
r-release-macos-arm64 | 0.4.4 | 25.00 | NOTE | |||
r-release-macos-x86_64 | 0.4.4 | 48.00 | NOTE | |||
r-release-windows-x86_64 | 0.4.4 | 16.00 | 95.00 | 111.00 | NOTE | |
r-oldrel-macos-arm64 | 0.4.4 | 30.00 | NOTE | |||
r-oldrel-macos-x86_64 | 0.4.4 | 39.00 | NOTE | |||
r-oldrel-windows-ix86+x86_64 | 0.4.4 | 13.00 | 75.00 | 88.00 | NOTE |
Version: 0.4.4
Check: LazyData
Result: NOTE
'LazyData' is specified without a 'data' directory
Flavors: r-devel-linux-x86_64-debian-clang, r-devel-linux-x86_64-debian-gcc, r-devel-linux-x86_64-fedora-clang, r-devel-linux-x86_64-fedora-gcc, r-devel-windows-x86_64, r-patched-linux-x86_64, r-release-linux-x86_64, r-release-macos-arm64, r-release-macos-x86_64, r-release-windows-x86_64, r-oldrel-macos-arm64, r-oldrel-macos-x86_64, r-oldrel-windows-ix86+x86_64