Last updated on 2023-02-02 06:54:56 CET.
Flavor | Version | Tinstall | Tcheck | Ttotal | Status | Flags |
---|---|---|---|---|---|---|
r-devel-linux-x86_64-debian-clang | 1.0 | 41.12 | 71.34 | 112.46 | NOTE | |
r-devel-linux-x86_64-debian-gcc | 1.0 | 32.70 | 54.66 | 87.36 | NOTE | |
r-devel-linux-x86_64-fedora-clang | 1.0 | 158.00 | NOTE | |||
r-devel-linux-x86_64-fedora-gcc | 1.0 | 149.75 | NOTE | |||
r-patched-linux-x86_64 | 1.0 | 33.50 | 67.76 | 101.26 | OK | |
r-release-linux-x86_64 | 1.0 | 35.22 | 69.19 | 104.41 | OK | |
r-release-macos-arm64 | 1.0 | 41.00 | OK | |||
r-release-macos-x86_64 | 1.0 | 55.00 | OK | |||
r-release-windows-x86_64 | 1.0 | 42.00 | 123.00 | 165.00 | OK | |
r-oldrel-macos-arm64 | 1.0 | 45.00 | OK | |||
r-oldrel-macos-x86_64 | 1.0 | 81.00 | OK | |||
r-oldrel-windows-ix86+x86_64 | 1.0 | 98.00 | 136.00 | 234.00 | OK |
Version: 1.0
Check: C++ specification
Result: NOTE
Specified C++11: please update to current default of C++17
Flavors: r-devel-linux-x86_64-debian-clang, r-devel-linux-x86_64-debian-gcc, r-devel-linux-x86_64-fedora-clang, r-devel-linux-x86_64-fedora-gcc