Last updated on 2023-02-03 06:50:22 CET.
Flavor | Version | Tinstall | Tcheck | Ttotal | Status | Flags |
---|---|---|---|---|---|---|
r-devel-linux-x86_64-debian-clang | 2.4.2 | 9.65 | 68.95 | 78.60 | WARN | |
r-devel-linux-x86_64-debian-gcc | 2.4.2 | 7.65 | 51.92 | 59.57 | WARN | |
r-devel-linux-x86_64-fedora-clang | 2.4.2 | 96.79 | WARN | |||
r-devel-linux-x86_64-fedora-gcc | 2.4.2 | 94.42 | WARN | |||
r-devel-windows-x86_64 | 2.4.2 | 21.00 | 109.00 | 130.00 | WARN | |
r-patched-linux-x86_64 | 2.4.2 | 17.83 | 67.57 | 85.40 | WARN | |
r-release-linux-x86_64 | 2.4.2 | 9.01 | 69.14 | 78.15 | WARN | |
r-release-macos-arm64 | 2.4.2 | 43.00 | OK | |||
r-release-macos-x86_64 | 2.4.2 | 53.00 | OK | |||
r-release-windows-x86_64 | 2.4.2 | 24.00 | 110.00 | 134.00 | WARN | |
r-oldrel-macos-arm64 | 2.4.2 | 44.00 | OK | |||
r-oldrel-macos-x86_64 | 2.4.2 | 69.00 | OK | |||
r-oldrel-windows-ix86+x86_64 | 2.4.2 | 21.00 | 91.00 | 112.00 | WARN |
Version: 2.4.2
Check: examples
Result: WARN
Found the following significant warnings:
Warning: 'rgl.viewpoint' is deprecated.
Warning: 'rgl.viewpoint' is deprecated.
Warning: 'rgl.viewpoint' is deprecated.
Warning: 'rgl.viewpoint' is deprecated.
Warning: 'rgl.viewpoint' is deprecated.
Warning: 'rgl.viewpoint' is deprecated.
Warning: 'rgl.viewpoint' is deprecated.
Warning: 'rgl.viewpoint' is deprecated.
Deprecated functions may be defunct as soon as of the next release of
R.
See ?Deprecated.
Examples with CPU (user + system) or elapsed time > 5s
user system elapsed
generateArtificialLongData3d 2.2 0.224 5.908
Flavor: r-devel-linux-x86_64-debian-clang
Version: 2.4.2
Check: for non-standard things in the check directory
Result: NOTE
Found the following files/directories:
‘cld1.Rdata’ ‘main.tex’ ‘myCld.Rdata’ ‘myCld3d.Rdata’ ‘scene.asy’
Flavors: r-devel-linux-x86_64-debian-clang, r-devel-linux-x86_64-debian-gcc, r-devel-linux-x86_64-fedora-clang, r-devel-linux-x86_64-fedora-gcc, r-patched-linux-x86_64, r-release-linux-x86_64
Version: 2.4.2
Check: examples
Result: WARN
Found the following significant warnings:
Warning: 'rgl.viewpoint' is deprecated.
Warning: 'rgl.viewpoint' is deprecated.
Warning: 'rgl.viewpoint' is deprecated.
Warning: 'rgl.viewpoint' is deprecated.
Warning: 'rgl.viewpoint' is deprecated.
Warning: 'rgl.viewpoint' is deprecated.
Warning: 'rgl.viewpoint' is deprecated.
Warning: 'rgl.viewpoint' is deprecated.
Deprecated functions may be defunct as soon as of the next release of
R.
See ?Deprecated.
Flavors: r-devel-linux-x86_64-debian-gcc, r-devel-linux-x86_64-fedora-clang, r-devel-linux-x86_64-fedora-gcc, r-devel-windows-x86_64, r-patched-linux-x86_64, r-release-linux-x86_64, r-release-windows-x86_64, r-oldrel-windows-ix86+x86_64